Last updated on 2025-11-04 07:49:52 CET.
| Flavor | Version | Tinstall | Tcheck | Ttotal | Status | Flags | 
|---|---|---|---|---|---|---|
| r-devel-linux-x86_64-debian-clang | 1.4.4 | 3.87 | 40.10 | 43.97 | NOTE | |
| r-devel-linux-x86_64-debian-gcc | 1.4.4 | 2.69 | 29.76 | 32.45 | NOTE | |
| r-devel-linux-x86_64-fedora-clang | 1.4.4 | 63.36 | OK | |||
| r-devel-linux-x86_64-fedora-gcc | 1.4.4 | 57.42 | OK | |||
| r-devel-windows-x86_64 | 1.4.4 | 6.00 | 53.00 | 59.00 | OK | |
| r-patched-linux-x86_64 | 1.4.4 | 3.56 | 36.19 | 39.75 | OK | |
| r-release-linux-x86_64 | 1.4.4 | 3.94 | 35.32 | 39.26 | OK | |
| r-release-macos-arm64 | 1.4.4 | 2.00 | 25.00 | 27.00 | OK | |
| r-release-macos-x86_64 | 1.4.4 | 4.00 | 38.00 | 42.00 | OK | |
| r-release-windows-x86_64 | 1.4.4 | 6.00 | 51.00 | 57.00 | OK | |
| r-oldrel-macos-arm64 | 1.4.4 | 2.00 | 21.00 | 23.00 | OK | |
| r-oldrel-macos-x86_64 | 1.4.4 | 3.00 | 30.00 | 33.00 | OK | |
| r-oldrel-windows-x86_64 | 1.4.4 | 7.00 | 65.00 | 72.00 | OK | 
Version: 1.4.4
Check: CRAN incoming feasibility
Result: NOTE
  Maintainer: ‘Benjamin L Hlina <benjamin.hlina@gmail.com>’
  
  Package CITATION file contains call(s) to old-style personList() or
  as.personList().  Please use c() on person objects instead.
  Package CITATION file contains call(s) to old-style citEntry().  Please
  use bibentry() instead.
Flavors: r-devel-linux-x86_64-debian-clang, r-devel-linux-x86_64-debian-gcc