Last updated on 2025-02-21 13:50:46 CET.
Flavor | Version | Tinstall | Tcheck | Ttotal | Status | Flags |
---|---|---|---|---|---|---|
r-devel-linux-x86_64-debian-clang | 0.4.5 | 14.96 | 119.24 | 134.20 | NOTE | |
r-devel-linux-x86_64-debian-gcc | 0.4.5 | 9.89 | 75.38 | 85.27 | NOTE | |
r-devel-linux-x86_64-fedora-clang | 0.4.5 | 205.95 | NOTE | |||
r-devel-linux-x86_64-fedora-gcc | 0.4.5 | 191.42 | NOTE | |||
r-devel-macos-arm64 | 0.4.5 | 60.00 | NOTE | |||
r-devel-macos-x86_64 | 0.4.5 | 141.00 | NOTE | |||
r-devel-windows-x86_64 | 0.4.5 | 15.00 | 152.00 | 167.00 | NOTE | |
r-patched-linux-x86_64 | 0.4.5 | 23.01 | 106.38 | 129.39 | NOTE | |
r-release-linux-x86_64 | 0.4.5 | 13.84 | 107.38 | 121.22 | NOTE | |
r-release-macos-arm64 | 0.4.5 | 58.00 | NOTE | |||
r-release-macos-x86_64 | 0.4.5 | 90.00 | NOTE | |||
r-release-windows-x86_64 | 0.4.5 | 19.00 | 152.00 | 171.00 | NOTE | |
r-oldrel-macos-arm64 | 0.4.5 | 52.00 | OK | |||
r-oldrel-macos-x86_64 | 0.4.5 | 168.00 | OK | |||
r-oldrel-windows-x86_64 | 0.4.5 | 23.00 | 187.00 | 210.00 | OK |
Version: 0.4.5
Check: Rd files
Result: NOTE
checkRd: (-1) e_pictorial.Rd:57-58: Lost braces in \itemize; meant \describe ?
checkRd: (-1) e_pictorial.Rd:60: Lost braces in \itemize; meant \describe ?
checkRd: (-1) nesting.Rd:48: Lost braces
48 | `{itemStyle: {color: 'red', fontBold: 'bold'}}`.
| ^
checkRd: (-1) nesting.Rd:48: Lost braces; missing escapes or markup?
48 | `{itemStyle: {color: 'red', fontBold: 'bold'}}`.
| ^
checkRd: (-1) nesting.Rd:51: Lost braces; missing escapes or markup?
51 | `{symbolSize: 4}`.
| ^
Flavors: r-devel-linux-x86_64-debian-clang, r-devel-linux-x86_64-debian-gcc, r-devel-linux-x86_64-fedora-clang, r-devel-linux-x86_64-fedora-gcc, r-devel-macos-arm64, r-devel-macos-x86_64, r-devel-windows-x86_64, r-patched-linux-x86_64, r-release-linux-x86_64, r-release-macos-arm64, r-release-macos-x86_64, r-release-windows-x86_64
Version: 0.4.5
Check: Rd cross-references
Result: NOTE
Found the following Rd file(s) with Rd \link{} targets missing package
anchors:
echartsNJSON.Rd: jsonlite
Please provide package anchors for all Rd \link{} targets not in the
package itself and the base packages.
Flavors: r-devel-linux-x86_64-debian-clang, r-devel-linux-x86_64-debian-gcc, r-devel-windows-x86_64