CRAN Package Check Results for Package easynls

Last updated on 2025-06-30 15:49:37 CEST.

Flavor Version Tinstall Tcheck Ttotal Status Flags
r-devel-linux-x86_64-debian-clang 5.0 2.02 22.20 24.22 NOTE
r-devel-linux-x86_64-debian-gcc 5.0 1.80 17.61 19.41 NOTE
r-devel-linux-x86_64-fedora-clang 5.0 38.74 OK
r-devel-linux-x86_64-fedora-gcc 5.0 36.65 OK
r-devel-windows-x86_64 5.0 3.00 45.00 48.00 OK
r-patched-linux-x86_64 OK
r-release-linux-x86_64 5.0 2.22 20.91 23.13 OK
r-release-macos-arm64 5.0 17.00 OK
r-release-macos-x86_64 5.0 27.00 OK
r-release-windows-x86_64 5.0 3.00 46.00 49.00 OK
r-oldrel-macos-arm64 5.0 16.00 OK
r-oldrel-macos-x86_64 5.0 22.00 OK
r-oldrel-windows-x86_64 5.0 3.00 43.00 46.00 OK

Check Details

Version: 5.0
Check: CRAN incoming feasibility
Result: NOTE Maintainer: ‘Emmanuel Arnhold <emmanuelarnhold@yahoo.com.br>’ No Authors@R field in DESCRIPTION. Please add one, modifying Authors@R: person(given = "Emmanuel", family = "Arnhold", role = c("aut", "cre"), email = "emmanuelarnhold@yahoo.com.br") as necessary. Flavors: r-devel-linux-x86_64-debian-clang, r-devel-linux-x86_64-debian-gcc