CRAN Package Check Results for Package easyPubMed

Last updated on 2025-06-30 15:49:37 CEST.

Flavor Version Tinstall Tcheck Ttotal Status Flags
r-devel-linux-x86_64-debian-clang 2.13 1.97 104.52 106.49 NOTE
r-devel-linux-x86_64-debian-gcc 2.13 1.82 84.71 86.53 NOTE
r-devel-linux-x86_64-fedora-clang 2.13 145.34 OK
r-devel-linux-x86_64-fedora-gcc 2.13 171.11 OK
r-devel-windows-x86_64 2.13 3.00 159.00 162.00 OK
r-patched-linux-x86_64 OK
r-release-linux-x86_64 2.13 1.51 92.27 93.78 OK
r-release-macos-arm64 2.13 66.00 OK
r-release-macos-x86_64 2.13 158.00 OK
r-release-windows-x86_64 2.13 4.00 161.00 165.00 OK
r-oldrel-macos-arm64 2.13 64.00 OK
r-oldrel-macos-x86_64 2.13 116.00 OK
r-oldrel-windows-x86_64 2.13 3.00 194.00 197.00 OK

Check Details

Version: 2.13
Check: CRAN incoming feasibility
Result: NOTE Maintainer: ‘Damiano Fantini <damiano.fantini@gmail.com>’ No Authors@R field in DESCRIPTION. Please add one, modifying Authors@R: person(given = "Damiano", family = "Fantini", role = c("aut", "cre"), email = "damiano.fantini@gmail.com") as necessary. Flavors: r-devel-linux-x86_64-debian-clang, r-devel-linux-x86_64-debian-gcc