Last updated on 2024-05-12 13:56:47 CEST.
Flavor | Version | Tinstall | Tcheck | Ttotal | Status | Flags |
---|---|---|---|---|---|---|
r-devel-linux-x86_64-debian-clang | 1.2.3 | 5.22 | 52.45 | 57.67 | NOTE | |
r-devel-linux-x86_64-debian-gcc | 1.2.3 | 4.31 | 40.07 | 44.38 | NOTE | |
r-devel-linux-x86_64-fedora-clang | 1.2.3 | 76.96 | NOTE | |||
r-devel-linux-x86_64-fedora-gcc | 1.2.3 | 106.30 | NOTE | |||
r-devel-windows-x86_64 | 1.2.3 | 6.00 | 59.00 | 65.00 | NOTE | |
r-patched-linux-x86_64 | 1.2.3 | 7.33 | 52.55 | 59.88 | NOTE | |
r-release-linux-x86_64 | 1.2.3 | 3.83 | 49.93 | 53.76 | NOTE | |
r-release-macos-arm64 | 1.2.3 | 26.00 | NOTE | |||
r-release-windows-x86_64 | 1.2.3 | 7.00 | 57.00 | 64.00 | NOTE | |
r-oldrel-macos-arm64 | 1.2.3 | 27.00 | OK | |||
r-oldrel-macos-x86_64 | 1.2.3 | 37.00 | OK | |||
r-oldrel-windows-x86_64 | 1.2.3 | 7.00 | 65.00 | 72.00 | OK |
Version: 1.2.3
Check: Rd files
Result: NOTE
checkRd: (-1) dynsim.Rd:48: Lost braces in \itemize; \value handles \item{}{} directly
checkRd: (-1) dynsim.Rd:49: Lost braces in \itemize; \value handles \item{}{} directly
checkRd: (-1) dynsim.Rd:50-51: Lost braces in \itemize; \value handles \item{}{} directly
checkRd: (-1) dynsim.Rd:52: Lost braces in \itemize; \value handles \item{}{} directly
checkRd: (-1) dynsim.Rd:53-54: Lost braces in \itemize; \value handles \item{}{} directly
checkRd: (-1) dynsim.Rd:55-56: Lost braces in \itemize; \value handles \item{}{} directly
checkRd: (-1) dynsim.Rd:57-58: Lost braces in \itemize; \value handles \item{}{} directly
checkRd: (-1) dynsim.Rd:59-60: Lost braces in \itemize; \value handles \item{}{} directly
Flavors: r-devel-linux-x86_64-debian-clang, r-devel-linux-x86_64-debian-gcc, r-devel-linux-x86_64-fedora-clang, r-devel-linux-x86_64-fedora-gcc, r-devel-windows-x86_64, r-patched-linux-x86_64, r-release-linux-x86_64, r-release-macos-arm64, r-release-windows-x86_64