CRAN Package Check Results for Package dynatop

Last updated on 2025-06-30 15:49:37 CEST.

Flavor Version Tinstall Tcheck Ttotal Status Flags
r-devel-linux-x86_64-debian-clang 0.2.3 26.88 66.13 93.01 NOTE
r-devel-linux-x86_64-debian-gcc 0.2.3 18.41 50.79 69.20 NOTE
r-devel-linux-x86_64-fedora-clang 0.2.3 160.71 NOTE
r-devel-linux-x86_64-fedora-gcc 0.2.3 167.78 NOTE
r-devel-windows-x86_64 0.2.3 31.00 117.00 148.00 NOTE
r-patched-linux-x86_64 NOTE
r-release-linux-x86_64 0.2.3 24.59 64.12 88.71 NOTE
r-release-macos-arm64 0.2.3 81.00 NOTE
r-release-macos-x86_64 0.2.3 97.00 NOTE
r-release-windows-x86_64 0.2.3 30.00 112.00 142.00 NOTE
r-oldrel-macos-arm64 0.2.3 58.00 NOTE
r-oldrel-macos-x86_64 0.2.3 78.00 NOTE
r-oldrel-windows-x86_64 0.2.3 35.00 135.00 170.00 NOTE

Check Details

Version: 0.2.3
Check: C++ specification
Result: NOTE Specified C++11: please drop specification unless essential Flavors: r-devel-linux-x86_64-debian-clang, r-devel-linux-x86_64-debian-gcc, r-devel-linux-x86_64-fedora-clang, r-devel-linux-x86_64-fedora-gcc, r-devel-windows-x86_64, r-patched-linux-x86_64, r-release-linux-x86_64, r-release-macos-arm64, r-release-macos-x86_64, r-release-windows-x86_64, r-oldrel-macos-arm64, r-oldrel-macos-x86_64, r-oldrel-windows-x86_64