Last updated on 2025-11-04 07:49:51 CET.
| Flavor | Version | Tinstall | Tcheck | Ttotal | Status | Flags | 
|---|---|---|---|---|---|---|
| r-devel-linux-x86_64-debian-clang | 1.1.4 | 73.41 | 157.21 | 230.62 | NOTE | |
| r-devel-linux-x86_64-debian-gcc | 1.1.4 | 46.14 | 115.01 | 161.15 | NOTE | |
| r-devel-linux-x86_64-fedora-clang | 1.1.4 | 148.00 | 245.01 | 393.01 | OK | |
| r-devel-linux-x86_64-fedora-gcc | 1.1.4 | 126.00 | 237.87 | 363.87 | OK | |
| r-devel-windows-x86_64 | 1.1.4 | 92.00 | 174.00 | 266.00 | OK | |
| r-patched-linux-x86_64 | 1.1.4 | 71.34 | 143.03 | 214.37 | OK | |
| r-release-linux-x86_64 | 1.1.4 | 68.03 | 139.81 | 207.84 | OK | |
| r-release-macos-arm64 | 1.1.4 | 27.00 | 68.00 | 95.00 | OK | |
| r-release-macos-x86_64 | 1.1.4 | 28.00 | 136.00 | 164.00 | OK | |
| r-release-windows-x86_64 | 1.1.4 | 86.00 | 179.00 | 265.00 | OK | |
| r-oldrel-macos-arm64 | 1.1.4 | 32.00 | 71.00 | 103.00 | OK | |
| r-oldrel-macos-x86_64 | 1.1.4 | 29.00 | 115.00 | 144.00 | OK | |
| r-oldrel-windows-x86_64 | 1.1.4 | 107.00 | 216.00 | 323.00 | OK | 
Version: 1.1.4
Check: CRAN incoming feasibility
Result: NOTE
  Maintainer: ‘Dane R. Van Domelen <vandomed@gmail.com>’
  
  No Authors@R field in DESCRIPTION.
  Please add one, modifying
    Authors@R: person(given = c("Dane", "R."),
                      family = "Van Domelen",
                      role = c("aut", "cre"),
                      email = "vandomed@gmail.com")
  as necessary.
  
  Found the following URLs which should use \doi (with the DOI name only):
    File ‘dvmisc.Rd’:
      https://doi.org/10.7287/peerj.preprints.3188v1
Flavors: r-devel-linux-x86_64-debian-clang, r-devel-linux-x86_64-debian-gcc