CRAN Package Check Results for Package dtw

Last updated on 2025-06-30 15:49:37 CEST.

Flavor Version Tinstall Tcheck Ttotal Status Flags
r-devel-linux-x86_64-debian-clang 1.23-1 3.72 43.69 47.41 NOTE
r-devel-linux-x86_64-debian-gcc 1.23-1 2.67 34.25 36.92 NOTE
r-devel-linux-x86_64-fedora-clang 1.23-1 73.42 OK
r-devel-linux-x86_64-fedora-gcc 1.23-1 83.04 OK
r-devel-windows-x86_64 1.23-1 10.00 88.00 98.00 OK
r-patched-linux-x86_64 OK
r-release-linux-x86_64 1.23-1 3.43 40.94 44.37 OK
r-release-macos-arm64 1.23-1 40.00 OK
r-release-macos-x86_64 1.23-1 71.00 OK
r-release-windows-x86_64 1.23-1 8.00 90.00 98.00 OK
r-oldrel-macos-arm64 1.23-1 44.00 OK
r-oldrel-macos-x86_64 1.23-1 51.00 OK
r-oldrel-windows-x86_64 1.23-1 9.00 91.00 100.00 OK

Check Details

Version: 1.23-1
Check: CRAN incoming feasibility
Result: NOTE Maintainer: ‘Toni Giorgino <toni.giorgino@gmail.com>’ Package CITATION file contains call(s) to old-style personList() or as.personList(). Please use c() on person objects instead. Flavors: r-devel-linux-x86_64-debian-clang, r-devel-linux-x86_64-debian-gcc