Last updated on 2025-05-03 22:49:51 CEST.
Flavor | Version | Tinstall | Tcheck | Ttotal | Status | Flags |
---|---|---|---|---|---|---|
r-devel-linux-x86_64-debian-clang | 1.4 | 12.31 | 58.60 | 70.91 | NOTE | |
r-devel-linux-x86_64-debian-gcc | 1.4 | 8.79 | 43.79 | 52.58 | NOTE | |
r-devel-linux-x86_64-fedora-clang | 1.4 | 109.38 | OK | |||
r-devel-linux-x86_64-fedora-gcc | 1.4 | 110.93 | OK | |||
r-devel-windows-x86_64 | 1.4 | 17.00 | 81.00 | 98.00 | OK | |
r-patched-linux-x86_64 | 1.4 | 12.74 | 55.05 | 67.79 | OK | |
r-release-linux-x86_64 | OK | |||||
r-release-macos-arm64 | 1.4 | 36.00 | OK | |||
r-release-macos-x86_64 | 1.4 | 64.00 | OK | |||
r-release-windows-x86_64 | 1.4 | 16.00 | 74.00 | 90.00 | OK | |
r-oldrel-macos-arm64 | 1.4 | 38.00 | OK | |||
r-oldrel-macos-x86_64 | 1.4 | 58.00 | OK | |||
r-oldrel-windows-x86_64 | 1.4 | 18.00 | 88.00 | 106.00 | OK |
Version: 1.4
Check: CRAN incoming feasibility
Result: NOTE
Maintainer: ‘Shannon T. Holloway <shannon.t.holloway@gmail.com>’
No Authors@R field in DESCRIPTION.
Please add one, modifying
Authors@R: c(person(given = c("Shannon", "T."),
family = "Holloway",
role = c("aut", "cre"),
email = "shannon.t.holloway@gmail.com"),
person(given = "Hunyong",
family = "Cho",
role = "aut"))
as necessary.
The Description field contains
Holloway, S. T., and Kosorok, M. R. (2020) <arXiv:2012.03294>.
Please refer to arXiv e-prints via their arXiv DOI <doi:10.48550/arXiv.YYMM.NNNNN>.
Flavors: r-devel-linux-x86_64-debian-clang, r-devel-linux-x86_64-debian-gcc