Last updated on 2025-11-04 07:49:51 CET.
| Flavor | Version | Tinstall | Tcheck | Ttotal | Status | Flags | 
|---|---|---|---|---|---|---|
| r-devel-linux-x86_64-debian-clang | 1.2 | 2.01 | 25.17 | 27.18 | NOTE | |
| r-devel-linux-x86_64-debian-gcc | 1.2 | 1.25 | 19.91 | 21.16 | NOTE | |
| r-devel-linux-x86_64-fedora-clang | 1.2 | 39.80 | OK | |||
| r-devel-linux-x86_64-fedora-gcc | 1.2 | 37.45 | OK | |||
| r-devel-windows-x86_64 | 1.2 | 3.00 | 45.00 | 48.00 | OK | |
| r-patched-linux-x86_64 | 1.2 | 2.30 | 23.31 | 25.61 | OK | |
| r-release-linux-x86_64 | 1.2 | 1.84 | 23.36 | 25.20 | OK | |
| r-release-macos-arm64 | 1.2 | 1.00 | 17.00 | 18.00 | OK | |
| r-release-macos-x86_64 | 1.2 | 2.00 | 29.00 | 31.00 | OK | |
| r-release-windows-x86_64 | 1.2 | 3.00 | 43.00 | 46.00 | OK | |
| r-oldrel-macos-arm64 | 1.2 | 1.00 | 16.00 | 17.00 | OK | |
| r-oldrel-macos-x86_64 | 1.2 | 2.00 | 21.00 | 23.00 | OK | |
| r-oldrel-windows-x86_64 | 1.2 | 4.00 | 51.00 | 55.00 | OK | 
Version: 1.2
Check: CRAN incoming feasibility
Result: NOTE
  Maintainer: ‘Zengchao Hao <z.hao4univ@gmail.com>’
  
  No Authors@R field in DESCRIPTION.
  Please add one, modifying
    Authors@R: person(given = "Zengchao",
                      family = "Hao",
                      role = c("aut", "cre"),
                      email = "z.hao4univ@gmail.com")
  as necessary.
Flavors: r-devel-linux-x86_64-debian-clang, r-devel-linux-x86_64-debian-gcc