Last updated on 2024-05-12 13:56:47 CEST.
Flavor | Version | Tinstall | Tcheck | Ttotal | Status | Flags |
---|---|---|---|---|---|---|
r-devel-linux-x86_64-debian-clang | 3.0-1 | 26.66 | 194.49 | 221.15 | NOTE | |
r-devel-linux-x86_64-debian-gcc | 3.0-1 | 18.62 | 137.00 | 155.62 | NOTE | |
r-devel-linux-x86_64-fedora-clang | 3.0-1 | 266.63 | NOTE | |||
r-devel-linux-x86_64-fedora-gcc | 3.0-1 | 316.04 | NOTE | |||
r-devel-windows-x86_64 | 3.0-1 | 20.00 | 164.00 | 184.00 | NOTE | |
r-patched-linux-x86_64 | 3.0-1 | 28.34 | 184.03 | 212.37 | NOTE | |
r-release-linux-x86_64 | 3.0-1 | 19.94 | 182.97 | 202.91 | NOTE | |
r-release-macos-arm64 | 3.0-1 | 63.00 | NOTE | |||
r-release-windows-x86_64 | 3.0-1 | 20.00 | 162.00 | 182.00 | NOTE | |
r-oldrel-macos-arm64 | 3.0-1 | 74.00 | NOTE | |||
r-oldrel-macos-x86_64 | 3.0-1 | 120.00 | NOTE | |||
r-oldrel-windows-x86_64 | 3.0-1 | 27.00 | 207.00 | 234.00 | NOTE |
Version: 3.0-1
Check: Rd files
Result: NOTE
checkRd: (-1) EDcomp.Rd:88: Escaped LaTeX specials: \&
checkRd: (-1) LL.4.Rd:44: Escaped LaTeX specials: \&
checkRd: (-1) W4.Rd:37: Escaped LaTeX specials: \&
checkRd: (-1) algae.Rd:32: Escaped LaTeX specials: \&
checkRd: (-1) anova.drc.Rd:40: Escaped LaTeX specials: \&
checkRd: (-1) deguelin.Rd:33: Escaped LaTeX specials: \&
checkRd: (-1) gompertz.Rd:55: Escaped LaTeX specials: \&
checkRd: (-1) hatvalues.drc.Rd:43: Lost braces
43 | emph{Generalized Linear Models},
| ^
checkRd: (-1) hatvalues.drc.Rd:44: Escaped LaTeX specials: \&
checkRd: (-1) llogistic.Rd:64: Escaped LaTeX specials: \&
checkRd: (-1) modelFit.Rd:36: Escaped LaTeX specials: \&
checkRd: (-1) weibull1.Rd:67: Escaped LaTeX specials: \&
Flavors: r-devel-linux-x86_64-debian-clang, r-devel-linux-x86_64-debian-gcc, r-devel-linux-x86_64-fedora-clang, r-devel-linux-x86_64-fedora-gcc, r-devel-windows-x86_64, r-patched-linux-x86_64, r-release-linux-x86_64, r-release-macos-arm64, r-release-windows-x86_64
Version: 3.0-1
Check: Rd files
Result: NOTE
checkRd: (-1) EDcomp.Rd:88: Escaped LaTeX specials: \&
checkRd: (-1) LL.4.Rd:44: Escaped LaTeX specials: \&
checkRd: (-1) W4.Rd:37: Escaped LaTeX specials: \&
checkRd: (-1) algae.Rd:32: Escaped LaTeX specials: \&
checkRd: (-1) anova.drc.Rd:40: Escaped LaTeX specials: \&
checkRd: (-1) deguelin.Rd:33: Escaped LaTeX specials: \&
checkRd: (-1) gompertz.Rd:55: Escaped LaTeX specials: \&
checkRd: (-1) hatvalues.drc.Rd:44: Escaped LaTeX specials: \&
checkRd: (-1) llogistic.Rd:64: Escaped LaTeX specials: \&
checkRd: (-1) modelFit.Rd:36: Escaped LaTeX specials: \&
checkRd: (-1) weibull1.Rd:67: Escaped LaTeX specials: \&
Flavors: r-oldrel-macos-arm64, r-oldrel-macos-x86_64, r-oldrel-windows-x86_64