Last updated on 2024-05-11 12:47:58 CEST.
Flavor | Version | Tinstall | Tcheck | Ttotal | Status | Flags |
---|---|---|---|---|---|---|
r-devel-linux-x86_64-debian-clang | 0.1.0 | 7.14 | 55.67 | 62.81 | NOTE | |
r-devel-linux-x86_64-debian-gcc | 0.1.0 | 5.50 | 42.61 | 48.11 | NOTE | |
r-devel-linux-x86_64-fedora-clang | 0.1.0 | 77.92 | NOTE | |||
r-devel-linux-x86_64-fedora-gcc | 0.1.0 | 135.75 | NOTE | |||
r-devel-windows-x86_64 | 0.1.0 | 8.00 | 64.00 | 72.00 | NOTE | |
r-patched-linux-x86_64 | 0.1.0 | 5.72 | 52.55 | 58.27 | NOTE | |
r-release-linux-x86_64 | 0.1.0 | 4.37 | 52.65 | 57.02 | NOTE | |
r-release-macos-arm64 | 0.1.0 | 33.00 | NOTE | |||
r-release-windows-x86_64 | 0.1.0 | 8.00 | 62.00 | 70.00 | NOTE | |
r-oldrel-macos-arm64 | 0.1.0 | 36.00 | NOTE | |||
r-oldrel-macos-x86_64 | 0.1.0 | 63.00 | NOTE | |||
r-oldrel-windows-x86_64 | 0.1.0 | 9.00 | 67.00 | 76.00 | NOTE |
Version: 0.1.0
Check: LazyData
Result: NOTE
'LazyData' is specified without a 'data' directory
Flavors: r-devel-linux-x86_64-debian-clang, r-devel-linux-x86_64-debian-gcc, r-devel-linux-x86_64-fedora-clang, r-devel-linux-x86_64-fedora-gcc, r-devel-windows-x86_64, r-patched-linux-x86_64, r-release-linux-x86_64, r-release-macos-arm64, r-release-windows-x86_64, r-oldrel-macos-arm64, r-oldrel-macos-x86_64, r-oldrel-windows-x86_64
Version: 0.1.0
Check: dependencies in R code
Result: NOTE
Namespaces in Imports field not imported from:
‘tidyr’ ‘tidyverse’
All declared Imports should be used.
Flavors: r-devel-linux-x86_64-fedora-clang, r-devel-linux-x86_64-fedora-gcc