Last updated on 2025-02-21 13:50:46 CET.
Flavor | Version | Tinstall | Tcheck | Ttotal | Status | Flags |
---|---|---|---|---|---|---|
r-devel-linux-x86_64-debian-clang | 1.1.4 | 21.94 | 289.53 | 311.47 | NOTE | |
r-devel-linux-x86_64-debian-gcc | 1.1.4 | 15.12 | 194.55 | 209.67 | NOTE | |
r-devel-linux-x86_64-fedora-clang | 1.1.4 | 504.77 | NOTE | |||
r-devel-linux-x86_64-fedora-gcc | 1.1.4 | 486.67 | NOTE | |||
r-devel-macos-arm64 | 1.1.4 | 159.00 | NOTE | |||
r-devel-macos-x86_64 | 1.1.4 | 339.00 | NOTE | |||
r-devel-windows-x86_64 | 1.1.4 | 31.00 | 294.00 | 325.00 | NOTE | |
r-patched-linux-x86_64 | 1.1.4 | 27.36 | 264.86 | 292.22 | OK | |
r-release-linux-x86_64 | 1.1.4 | 22.44 | 266.52 | 288.96 | OK | |
r-release-macos-arm64 | 1.1.4 | 137.00 | OK | |||
r-release-macos-x86_64 | 1.1.4 | 232.00 | OK | |||
r-release-windows-x86_64 | 1.1.4 | 31.00 | 292.00 | 323.00 | OK | |
r-oldrel-macos-arm64 | 1.1.4 | 136.00 | OK | |||
r-oldrel-macos-x86_64 | 1.1.4 | 480.00 | OK | |||
r-oldrel-windows-x86_64 | 1.1.4 | 37.00 | 382.00 | 419.00 | OK |
Version: 1.1.4
Check: compiled code
Result: NOTE
File ‘dplyr/libs/dplyr.so’:
Found non-API calls to R: ‘LEVELS’, ‘PRVALUE’,
‘R_shallow_duplicate_attr’, ‘SET_PRCODE’, ‘SET_PRENV’,
‘SET_PRVALUE’
Compiled code should not call non-API entry points in R.
See ‘Writing portable packages’ in the ‘Writing R Extensions’ manual,
and section ‘Moving into C API compliance’ for issues with the use of
non-API entry points.
Flavors: r-devel-linux-x86_64-debian-clang, r-devel-linux-x86_64-debian-gcc, r-devel-linux-x86_64-fedora-clang, r-devel-linux-x86_64-fedora-gcc, r-devel-macos-arm64, r-devel-macos-x86_64
Version: 1.1.4
Check: compiled code
Result: NOTE
File 'dplyr/libs/x64/dplyr.dll':
Found non-API calls to R: 'LEVELS', 'PRVALUE',
'R_shallow_duplicate_attr', 'SET_PRCODE', 'SET_PRENV',
'SET_PRVALUE'
Compiled code should not call non-API entry points in R.
See 'Writing portable packages' in the 'Writing R Extensions' manual,
and section 'Moving into C API compliance' for issues with the use of
non-API entry points.
Flavor: r-devel-windows-x86_64