Last updated on 2024-05-12 13:56:47 CEST.
Flavor | Version | Tinstall | Tcheck | Ttotal | Status | Flags |
---|---|---|---|---|---|---|
r-devel-linux-x86_64-debian-clang | 0.4 | 2.60 | 26.60 | 29.20 | NOTE | |
r-devel-linux-x86_64-debian-gcc | 0.4 | 1.93 | 20.64 | 22.57 | NOTE | |
r-devel-linux-x86_64-fedora-clang | 0.4 | 36.41 | NOTE | |||
r-devel-linux-x86_64-fedora-gcc | 0.4 | 38.56 | NOTE | |||
r-devel-windows-x86_64 | 0.4 | 5.00 | 53.00 | 58.00 | NOTE | |
r-patched-linux-x86_64 | 0.4 | 2.76 | 25.15 | 27.91 | NOTE | |
r-release-linux-x86_64 | 0.4 | 2.09 | 25.42 | 27.51 | NOTE | |
r-release-macos-arm64 | 0.4 | 18.00 | NOTE | |||
r-release-windows-x86_64 | 0.4 | 5.00 | 52.00 | 57.00 | NOTE | |
r-oldrel-macos-arm64 | 0.4 | 18.00 | OK | |||
r-oldrel-macos-x86_64 | 0.4 | 23.00 | OK | |||
r-oldrel-windows-x86_64 | 0.4 | 6.00 | 53.00 | 59.00 | OK |
Version: 0.4
Check: Rd files
Result: NOTE
checkRd: (-1) beetle.Rd:13: Lost braces; missing escapes or markup?
13 | \item{\code{x}}{dose (log base 10 CS2mgl^{-1})}
| ^
Flavors: r-devel-linux-x86_64-debian-clang, r-devel-linux-x86_64-debian-gcc, r-devel-linux-x86_64-fedora-clang, r-devel-linux-x86_64-fedora-gcc, r-devel-windows-x86_64, r-patched-linux-x86_64, r-release-linux-x86_64, r-release-macos-arm64, r-release-windows-x86_64