CRAN Package Check Results for Package doBy

Last updated on 2025-06-30 15:49:37 CEST.

Flavor Version Tinstall Tcheck Ttotal Status Flags
r-devel-linux-x86_64-debian-clang 4.6.27 23.57 161.08 184.65 OK
r-devel-linux-x86_64-debian-gcc 4.6.27 18.02 116.90 134.92 OK
r-devel-linux-x86_64-fedora-clang 4.6.27 295.43 OK
r-devel-linux-x86_64-fedora-gcc 4.7.0 291.42 OK
r-devel-windows-x86_64 4.6.27 25.00 191.00 216.00 OK
r-patched-linux-x86_64 OK
r-release-linux-x86_64 4.6.27 24.46 149.08 173.54 OK
r-release-macos-arm64 4.6.27 93.00 OK
r-release-macos-x86_64 4.7.0 170.00 OK
r-release-windows-x86_64 4.6.27 25.00 188.00 213.00 OK
r-oldrel-macos-arm64 4.6.27 91.00 NOTE
r-oldrel-macos-x86_64 4.7.0 173.00 NOTE
r-oldrel-windows-x86_64 4.7.0 24.00 189.00 213.00 NOTE

Check Details

Version: 4.6.27
Check: installed package size
Result: NOTE installed size is 5.8Mb sub-directories of 1Mb or more: data 4.7Mb Flavor: r-oldrel-macos-arm64

Version: 4.7.0
Check: installed package size
Result: NOTE installed size is 5.9Mb sub-directories of 1Mb or more: data 4.7Mb Flavors: r-oldrel-macos-x86_64, r-oldrel-windows-x86_64