Last updated on 2025-02-22 12:50:23 CET.
Flavor | Version | Tinstall | Tcheck | Ttotal | Status | Flags |
---|---|---|---|---|---|---|
r-devel-linux-x86_64-debian-clang | 0.2.1 | 66.24 | 23.88 | 90.12 | OK | |
r-devel-linux-x86_64-debian-gcc | 0.2.1 | 47.02 | 19.38 | 66.40 | OK | |
r-devel-linux-x86_64-fedora-clang | 0.2.1 | 178.72 | OK | |||
r-devel-linux-x86_64-fedora-gcc | 0.2.1 | 169.99 | OK | |||
r-devel-macos-arm64 | 0.2.1 | 41.00 | OK | |||
r-devel-macos-x86_64 | 0.2.1 | 51.00 | OK | |||
r-devel-windows-x86_64 | 0.2.1 | 67.00 | 65.00 | 132.00 | OK | |
r-patched-linux-x86_64 | 0.2.1 | 67.54 | 22.98 | 90.52 | NOTE | |
r-release-linux-x86_64 | 0.2.1 | 66.70 | 22.70 | 89.40 | NOTE | |
r-release-macos-arm64 | 0.2.1 | 44.00 | NOTE | |||
r-release-macos-x86_64 | 0.2.1 | 47.00 | NOTE | |||
r-release-windows-x86_64 | 0.2.1 | 67.00 | 60.00 | 127.00 | NOTE | |
r-oldrel-macos-arm64 | 0.2.1 | 57.00 | NOTE | |||
r-oldrel-macos-x86_64 | 0.2.1 | 96.00 | NOTE | |||
r-oldrel-windows-x86_64 | 0.2.1 | 67.00 | 75.00 | 142.00 | NOTE |
Version: 0.2.1
Check: LazyData
Result: NOTE
'LazyData' is specified without a 'data' directory
Flavors: r-patched-linux-x86_64, r-release-linux-x86_64, r-release-macos-arm64, r-release-macos-x86_64, r-release-windows-x86_64, r-oldrel-macos-arm64, r-oldrel-macos-x86_64, r-oldrel-windows-x86_64