Last updated on 2025-02-21 13:50:45 CET.
Flavor | Version | Tinstall | Tcheck | Ttotal | Status | Flags |
---|---|---|---|---|---|---|
r-devel-linux-x86_64-debian-clang | 0.1.2 | 7.26 | 46.82 | 54.08 | OK | |
r-devel-linux-x86_64-debian-gcc | 0.1.2 | 5.66 | 36.00 | 41.66 | OK | |
r-devel-linux-x86_64-fedora-clang | 0.1.2 | 89.29 | NOTE | |||
r-devel-linux-x86_64-fedora-gcc | 0.1.2 | 86.89 | NOTE | |||
r-devel-macos-arm64 | 0.1.2 | 48.00 | OK | |||
r-devel-macos-x86_64 | 0.1.2 | 55.00 | OK | |||
r-devel-windows-x86_64 | 0.1.2 | 8.00 | 64.00 | 72.00 | OK | |
r-patched-linux-x86_64 | 0.1.2 | 7.46 | 44.71 | 52.17 | OK | |
r-release-linux-x86_64 | 0.1.2 | 7.36 | 44.49 | 51.85 | OK | |
r-release-macos-arm64 | 0.1.2 | 42.00 | OK | |||
r-release-macos-x86_64 | 0.1.2 | 44.00 | OK | |||
r-release-windows-x86_64 | 0.1.2 | 9.00 | 61.00 | 70.00 | OK | |
r-oldrel-macos-arm64 | 0.1.2 | 34.00 | OK | |||
r-oldrel-macos-x86_64 | 0.1.2 | 48.00 | OK | |||
r-oldrel-windows-x86_64 | 0.1.2 | 11.00 | 65.00 | 76.00 | OK |
Version: 0.1.2
Check: dependencies in R code
Result: NOTE
Namespaces in Imports field not imported from:
‘ggmulti’ ‘loon’ ‘loon.data’ ‘loon.ggplot’ ‘loon.shiny’ ‘loon.tourr’
‘stats’ ‘zenplots’
All declared Imports should be used.
Flavors: r-devel-linux-x86_64-fedora-clang, r-devel-linux-x86_64-fedora-gcc