Last updated on 2025-06-30 15:49:37 CEST.
Flavor | Version | Tinstall | Tcheck | Ttotal | Status | Flags |
---|---|---|---|---|---|---|
r-devel-linux-x86_64-debian-clang | 0.2.2 | 8.58 | 92.78 | 101.36 | OK | |
r-devel-linux-x86_64-debian-gcc | 0.2.2 | 5.95 | 65.09 | 71.04 | OK | |
r-devel-linux-x86_64-fedora-clang | 0.2.2 | 154.68 | OK | |||
r-devel-linux-x86_64-fedora-gcc | 0.2.2 | 144.91 | OK | |||
r-devel-windows-x86_64 | 0.2.2 | 16.00 | 122.00 | 138.00 | OK | |
r-patched-linux-x86_64 | OK | |||||
r-release-linux-x86_64 | 0.2.2 | 8.49 | 84.89 | 93.38 | OK | |
r-release-macos-arm64 | 0.2.2 | 45.00 | OK | |||
r-release-macos-x86_64 | 0.2.2 | 87.00 | OK | |||
r-release-windows-x86_64 | 0.2.2 | 14.00 | 122.00 | 136.00 | OK | |
r-oldrel-macos-arm64 | 0.2.2 | 51.00 | NOTE | |||
r-oldrel-macos-x86_64 | 0.2.2 | 93.00 | NOTE | |||
r-oldrel-windows-x86_64 | 0.2.2 | 18.00 | 141.00 | 159.00 | NOTE |
Version: 0.2.2
Check: installed package size
Result: NOTE
installed size is 5.1Mb
sub-directories of 1Mb or more:
tutorials 4.2Mb
Flavors: r-oldrel-macos-arm64, r-oldrel-macos-x86_64, r-oldrel-windows-x86_64