Last updated on 2025-02-21 13:50:45 CET.
Flavor | Version | Tinstall | Tcheck | Ttotal | Status | Flags |
---|---|---|---|---|---|---|
r-devel-linux-x86_64-debian-clang | 1.1 | 19.37 | 103.86 | 123.23 | OK | |
r-devel-linux-x86_64-debian-gcc | 1.1 | 16.74 | 77.39 | 94.13 | OK | |
r-devel-linux-x86_64-fedora-clang | 1.1 | 196.37 | OK | |||
r-devel-linux-x86_64-fedora-gcc | 1.1 | 192.91 | OK | |||
r-devel-macos-arm64 | 1.1 | 49.00 | OK | |||
r-devel-macos-x86_64 | 1.1 | 90.00 | OK | |||
r-devel-windows-x86_64 | 1.1 | 16.00 | 114.00 | 130.00 | OK | |
r-patched-linux-x86_64 | 1.1 | 24.20 | 100.65 | 124.85 | NOTE | |
r-release-linux-x86_64 | 1.1 | 20.85 | 100.45 | 121.30 | NOTE | |
r-release-macos-arm64 | 1.1 | 48.00 | NOTE | |||
r-release-macos-x86_64 | 1.1 | 69.00 | NOTE | |||
r-release-windows-x86_64 | 1.1 | 15.00 | 115.00 | 130.00 | NOTE | |
r-oldrel-macos-arm64 | 1.1 | 40.00 | NOTE | |||
r-oldrel-macos-x86_64 | 1.1 | 70.00 | NOTE | |||
r-oldrel-windows-x86_64 | 1.1 | 20.00 | 129.00 | 149.00 | NOTE |
Version: 1.1
Check: LazyData
Result: NOTE
'LazyData' is specified without a 'data' directory
Flavors: r-patched-linux-x86_64, r-release-linux-x86_64, r-release-macos-arm64, r-release-macos-x86_64, r-release-windows-x86_64, r-oldrel-macos-arm64, r-oldrel-macos-x86_64, r-oldrel-windows-x86_64