Last updated on 2025-02-21 13:50:45 CET.
Flavor | Version | Tinstall | Tcheck | Ttotal | Status | Flags |
---|---|---|---|---|---|---|
r-devel-linux-x86_64-debian-clang | 0.2.6 | 14.04 | 93.43 | 107.47 | OK | |
r-devel-linux-x86_64-debian-gcc | 0.2.6 | 10.16 | 65.31 | 75.47 | OK | |
r-devel-linux-x86_64-fedora-clang | 0.2.6 | 164.04 | OK | |||
r-devel-linux-x86_64-fedora-gcc | 0.2.6 | 168.91 | OK | |||
r-devel-macos-arm64 | 0.2.6 | 53.00 | OK | |||
r-devel-macos-x86_64 | 0.2.6 | 98.00 | OK | |||
r-devel-windows-x86_64 | 0.2.6 | 16.00 | 101.00 | 117.00 | OK | |
r-patched-linux-x86_64 | 0.2.6 | 13.60 | 83.67 | 97.27 | OK | |
r-release-linux-x86_64 | 0.2.6 | 15.07 | 83.66 | 98.73 | OK | |
r-release-macos-arm64 | 0.2.6 | 55.00 | OK | |||
r-release-macos-x86_64 | 0.2.6 | 109.00 | OK | |||
r-release-windows-x86_64 | 0.2.6 | 18.00 | 92.00 | 110.00 | OK | |
r-oldrel-macos-arm64 | 0.2.6 | 51.00 | OK | |||
r-oldrel-macos-x86_64 | 0.2.6 | 90.00 | NOTE | |||
r-oldrel-windows-x86_64 | 0.2.6 | 21.00 | 106.00 | 127.00 | OK |
Version: 0.2.6
Check: package dependencies
Result: NOTE
Packages suggested but not available for checking: 'psych', 'sirt'
Flavor: r-oldrel-macos-x86_64