Last updated on 2025-02-22 12:50:21 CET.
Flavor | Version | Tinstall | Tcheck | Ttotal | Status | Flags |
---|---|---|---|---|---|---|
r-devel-linux-x86_64-debian-clang | 1.19.0 | 12.88 | 384.77 | 397.65 | OK | |
r-devel-linux-x86_64-debian-gcc | 1.19.0 | 8.30 | 239.10 | 247.40 | OK | |
r-devel-linux-x86_64-fedora-clang | 1.19.0 | 617.37 | OK | |||
r-devel-linux-x86_64-fedora-gcc | 1.19.0 | 623.83 | OK | |||
r-devel-macos-arm64 | 1.19.0 | 177.00 | OK | |||
r-devel-macos-x86_64 | 1.19.0 | 418.00 | OK | |||
r-devel-windows-x86_64 | 1.19.0 | 16.00 | 402.00 | 418.00 | OK | |
r-patched-linux-x86_64 | 1.19.0 | 14.86 | 359.39 | 374.25 | OK | |
r-release-linux-x86_64 | 1.19.0 | 12.40 | 359.60 | 372.00 | OK | |
r-release-macos-arm64 | 1.19.0 | 286.00 | NOTE | |||
r-release-macos-x86_64 | 1.19.0 | 384.00 | NOTE | |||
r-release-windows-x86_64 | 1.19.0 | 18.00 | 400.00 | 418.00 | NOTE | |
r-oldrel-macos-arm64 | 1.19.0 | 294.00 | NOTE | |||
r-oldrel-macos-x86_64 | 1.19.0 | 400.00 | NOTE | |||
r-oldrel-windows-x86_64 | 1.19.0 | 21.00 | 505.00 | 526.00 | NOTE |
Version: 1.19.0
Check: installed package size
Result: NOTE
installed size is 6.9Mb
sub-directories of 1Mb or more:
doc 5.8Mb
Flavors: r-release-macos-arm64, r-release-macos-x86_64, r-release-windows-x86_64, r-oldrel-macos-arm64, r-oldrel-macos-x86_64, r-oldrel-windows-x86_64