CRAN Package Check Results for Package delimtools

Last updated on 2025-11-04 07:49:50 CET.

Flavor Version Tinstall Tcheck Ttotal Status Flags
r-devel-linux-x86_64-debian-clang 0.2.1 9.43 111.73 121.16 OK
r-devel-linux-x86_64-debian-gcc 0.2.1 7.31 80.25 87.56 OK
r-devel-linux-x86_64-fedora-clang 0.2.1 41.00 159.94 200.94 OK
r-devel-linux-x86_64-fedora-gcc 0.2.1 21.00 174.58 195.58 OK
r-devel-windows-x86_64 0.2.1 13.00 122.00 135.00 OK
r-patched-linux-x86_64 0.2.1 11.09 105.07 116.16 OK
r-release-linux-x86_64 0.2.1 0.28 1.91 2.19 ERROR
r-release-macos-arm64 0.2.1 5.00 241.00 246.00 NOTE
r-release-macos-x86_64 0.2.1 22.00 377.00 399.00 NOTE
r-release-windows-x86_64 0.2.1 13.00 120.00 133.00 OK
r-oldrel-macos-arm64 0.2.1 4.00 71.00 75.00 NOTE
r-oldrel-macos-x86_64 0.2.1 15.00 347.00 362.00 NOTE
r-oldrel-windows-x86_64 0.2.1 20.00 155.00 175.00 NOTE

Check Details

Version: 0.2.1
Check: package dependencies
Result: ERROR Package required but not available: ‘ggtree’ Packages suggested but not available for checking: 'bGMYC', 'splits' See section ‘The DESCRIPTION file’ in the ‘Writing R Extensions’ manual. Flavor: r-release-linux-x86_64

Version: 0.2.1
Check: Rd cross-references
Result: NOTE Package unavailable to check Rd xrefs: ‘bGMYC’ Unknown package ‘splits’ in Rd xrefs Flavors: r-release-macos-arm64, r-release-macos-x86_64, r-oldrel-macos-x86_64

Version: 0.2.1
Check: package dependencies
Result: NOTE Packages suggested but not available for checking: 'bGMYC', 'splits' Flavors: r-oldrel-macos-arm64, r-oldrel-macos-x86_64, r-oldrel-windows-x86_64

Version: 0.2.1
Check: Rd cross-references
Result: NOTE Packages unavailable to check Rd xrefs: ‘bGMYC’, ‘splits’ Flavors: r-oldrel-macos-arm64, r-oldrel-windows-x86_64