Last updated on 2025-11-04 07:49:50 CET.
| Flavor | Version | Tinstall | Tcheck | Ttotal | Status | Flags | 
|---|---|---|---|---|---|---|
| r-devel-linux-x86_64-debian-clang | 0.2.1 | 3.43 | 28.28 | 31.71 | NOTE | |
| r-devel-linux-x86_64-debian-gcc | 0.2.1 | 2.66 | 21.95 | 24.61 | NOTE | |
| r-devel-linux-x86_64-fedora-clang | 0.2.1 | 12.00 | 37.42 | 49.42 | OK | |
| r-devel-linux-x86_64-fedora-gcc | 0.2.1 | 44.22 | OK | |||
| r-devel-windows-x86_64 | 0.2.1 | 4.00 | 48.00 | 52.00 | OK | |
| r-patched-linux-x86_64 | 0.2.1 | 4.00 | 26.72 | 30.72 | OK | |
| r-release-linux-x86_64 | 0.2.1 | 3.79 | 26.58 | 30.37 | OK | |
| r-release-macos-arm64 | 0.2.1 | 2.00 | 16.00 | 18.00 | OK | |
| r-release-macos-x86_64 | 0.2.1 | 4.00 | 27.00 | 31.00 | OK | |
| r-release-windows-x86_64 | 0.2.1 | 4.00 | 48.00 | 52.00 | OK | |
| r-oldrel-macos-arm64 | 0.2.1 | 2.00 | 15.00 | 17.00 | OK | |
| r-oldrel-macos-x86_64 | 0.2.1 | 3.00 | 25.00 | 28.00 | OK | |
| r-oldrel-windows-x86_64 | 0.2.1 | 7.00 | 55.00 | 62.00 | OK | 
Version: 0.2.1
Check: CRAN incoming feasibility
Result: NOTE
  Maintainer: ‘Suren Rathnayake <surenr@gmail.com>’
  
  No Authors@R field in DESCRIPTION.
  Please add one, modifying
    Authors@R: c(person(given = "Cinzia",
                        family = "Viroli",
                        role = "aut"),
                 person(given = c("Geoffrey", "J."),
                        family = "McLachlan",
                        role = "aut"),
                 person(given = "Suren",
                        family = "Rathnayake",
                        role = "cre",
                        email = "surenr@gmail.com"))
  as necessary.
Flavors: r-devel-linux-x86_64-debian-clang, r-devel-linux-x86_64-debian-gcc