Last updated on 2025-02-22 12:50:22 CET.
Flavor | Version | Tinstall | Tcheck | Ttotal | Status | Flags |
---|---|---|---|---|---|---|
r-devel-linux-x86_64-debian-clang | 1.0 | 2.96 | 51.72 | 54.68 | OK | |
r-devel-linux-x86_64-debian-gcc | 1.0 | 2.58 | 39.89 | 42.47 | OK | |
r-devel-linux-x86_64-fedora-clang | 1.0 | 83.68 | NOTE | |||
r-devel-linux-x86_64-fedora-gcc | 1.0 | 83.93 | NOTE | |||
r-devel-macos-arm64 | 1.0 | 34.00 | OK | |||
r-devel-macos-x86_64 | 1.0 | 56.00 | OK | |||
r-devel-windows-x86_64 | 1.0 | 5.00 | 81.00 | 86.00 | OK | |
r-patched-linux-x86_64 | 1.0 | 3.17 | 50.66 | 53.83 | OK | |
r-release-linux-x86_64 | 1.0 | 3.19 | 50.10 | 53.29 | OK | |
r-release-macos-arm64 | 1.0 | 32.00 | OK | |||
r-release-macos-x86_64 | 1.0 | 45.00 | OK | |||
r-release-windows-x86_64 | 1.0 | 5.00 | 75.00 | 80.00 | OK | |
r-oldrel-macos-arm64 | 1.0 | 34.00 | OK | |||
r-oldrel-macos-x86_64 | 1.0 | 53.00 | OK | |||
r-oldrel-windows-x86_64 | 1.0 | 6.00 | 82.00 | 88.00 | OK |
Version: 1.0
Check: dependencies in R code
Result: NOTE
Namespace in Imports field not imported from: ‘RColorBrewer’
All declared Imports should be used.
Flavors: r-devel-linux-x86_64-fedora-clang, r-devel-linux-x86_64-fedora-gcc