Last updated on 2025-11-03 07:48:35 CET.
| Flavor | Version | Tinstall | Tcheck | Ttotal | Status | Flags | 
|---|---|---|---|---|---|---|
| r-devel-linux-x86_64-debian-clang | 0.2.1 | 20.65 | 293.77 | 314.42 | NOTE | |
| r-devel-linux-x86_64-debian-gcc | 0.2.1 | 16.13 | 201.34 | 217.47 | NOTE | |
| r-devel-linux-x86_64-fedora-clang | 0.2.1 | 95.00 | 418.25 | 513.25 | OK | |
| r-devel-linux-x86_64-fedora-gcc | 0.2.1 | 175.00 | 354.51 | 529.51 | OK | |
| r-devel-windows-x86_64 | 0.2.1 | 24.00 | 299.00 | 323.00 | OK | |
| r-patched-linux-x86_64 | 0.2.1 | 18.83 | 277.18 | 296.01 | OK | |
| r-release-linux-x86_64 | 0.2.1 | 0.39 | 2.11 | 2.50 | ERROR | |
| r-release-macos-arm64 | 0.2.1 | 9.00 | 110.00 | 119.00 | OK | |
| r-release-macos-x86_64 | 0.2.1 | 18.00 | 231.00 | 249.00 | OK | |
| r-release-windows-x86_64 | 0.2.1 | 24.00 | 295.00 | 319.00 | OK | |
| r-oldrel-macos-arm64 | 0.2.1 | 9.00 | 109.00 | 118.00 | NOTE | |
| r-oldrel-macos-x86_64 | 0.2.1 | 13.00 | 167.00 | 180.00 | NOTE | |
| r-oldrel-windows-x86_64 | 0.2.1 | 31.00 | 394.00 | 425.00 | NOTE | 
Version: 0.2.1
Check: CRAN incoming feasibility
Result: NOTE
  Maintainer: ‘Mengbing Li <mengbing@umich.edu>’
  
  The Description field contains
    <arXiv:2306.04700>.
  Please refer to arXiv e-prints via their arXiv DOI <doi:10.48550/arXiv.YYMM.NNNNN>.
Flavors: r-devel-linux-x86_64-debian-clang, r-devel-linux-x86_64-debian-gcc
Version: 0.2.1
Check: package dependencies
Result: ERROR
  Package required but not available: ‘ggtree’
  
  See section ‘The DESCRIPTION file’ in the ‘Writing R Extensions’
  manual.
Flavor: r-release-linux-x86_64
Version: 0.2.1
Check: installed package size
Result: NOTE
    installed size is  5.1Mb
    sub-directories of 1Mb or more:
      data   3.9Mb
Flavors: r-oldrel-macos-arm64, r-oldrel-macos-x86_64, r-oldrel-windows-x86_64