Last updated on 2025-02-22 12:50:20 CET.
Flavor | Version | Tinstall | Tcheck | Ttotal | Status | Flags |
---|---|---|---|---|---|---|
r-devel-linux-x86_64-debian-clang | 0.1.6 | 44.61 | 45.68 | 90.29 | NOTE | |
r-devel-linux-x86_64-debian-gcc | 0.1.6 | 32.13 | 33.84 | 65.97 | NOTE | |
r-devel-linux-x86_64-fedora-clang | 0.1.6 | 168.82 | NOTE | |||
r-devel-linux-x86_64-fedora-gcc | 0.1.6 | 157.59 | NOTE | |||
r-devel-macos-arm64 | 0.1.6 | 39.00 | NOTE | |||
r-devel-macos-x86_64 | 0.1.6 | 62.00 | NOTE | |||
r-devel-windows-x86_64 | 0.1.6 | 49.00 | 86.00 | 135.00 | NOTE | |
r-patched-linux-x86_64 | 0.1.6 | 47.30 | 43.61 | 90.91 | NOTE | |
r-release-linux-x86_64 | 0.1.6 | 43.62 | 43.39 | 87.01 | NOTE | |
r-release-macos-arm64 | 0.1.6 | 39.00 | NOTE | |||
r-release-macos-x86_64 | 0.1.6 | 53.00 | NOTE | |||
r-release-windows-x86_64 | 0.1.6 | 51.00 | 82.00 | 133.00 | NOTE | |
r-oldrel-macos-arm64 | 0.1.6 | 43.00 | NOTE | |||
r-oldrel-macos-x86_64 | 0.1.6 | 75.00 | NOTE | |||
r-oldrel-windows-x86_64 | 0.1.6 | 64.00 | 97.00 | 161.00 | NOTE |
Version: 0.1.6
Check: C++ specification
Result: NOTE
Specified C++11: please drop specification unless essential
Flavors: r-devel-linux-x86_64-debian-clang, r-devel-linux-x86_64-debian-gcc, r-devel-linux-x86_64-fedora-clang, r-devel-linux-x86_64-fedora-gcc, r-devel-macos-arm64, r-devel-macos-x86_64, r-devel-windows-x86_64, r-patched-linux-x86_64, r-release-linux-x86_64, r-release-macos-arm64, r-release-macos-x86_64, r-release-windows-x86_64, r-oldrel-macos-arm64, r-oldrel-macos-x86_64, r-oldrel-windows-x86_64