Last updated on 2025-11-04 07:49:50 CET.
| Flavor | Version | Tinstall | Tcheck | Ttotal | Status | Flags | 
|---|---|---|---|---|---|---|
| r-devel-linux-x86_64-debian-clang | 1.0.0 | 5.38 | 50.39 | 55.77 | OK | |
| r-devel-linux-x86_64-debian-gcc | 1.0.0 | 4.08 | 36.93 | 41.01 | OK | |
| r-devel-linux-x86_64-fedora-clang | 1.0.0 | 15.00 | 71.35 | 86.35 | NOTE | |
| r-devel-linux-x86_64-fedora-gcc | 1.0.0 | 14.00 | 65.97 | 79.97 | NOTE | |
| r-devel-windows-x86_64 | 1.0.0 | 9.00 | 66.00 | 75.00 | OK | |
| r-patched-linux-x86_64 | 1.0.0 | 5.71 | 46.22 | 51.93 | OK | |
| r-release-linux-x86_64 | 1.0.0 | 5.62 | 46.20 | 51.82 | OK | |
| r-release-macos-arm64 | 1.0.0 | 3.00 | 25.00 | 28.00 | OK | |
| r-release-macos-x86_64 | 1.0.0 | 5.00 | 46.00 | 51.00 | OK | |
| r-release-windows-x86_64 | 1.0.0 | 8.00 | 65.00 | 73.00 | OK | |
| r-oldrel-macos-arm64 | 1.0.0 | 3.00 | 25.00 | 28.00 | OK | |
| r-oldrel-macos-x86_64 | 1.0.0 | 4.00 | 39.00 | 43.00 | OK | |
| r-oldrel-windows-x86_64 | 1.0.0 | 10.00 | 78.00 | 88.00 | OK | 
Version: 1.0.0
Check: dependencies in R code
Result: NOTE
  Namespaces in Imports field not imported from:
    ‘knitr’ ‘tidyverse’ ‘vctrs’
    All declared Imports should be used.
Flavors: r-devel-linux-x86_64-fedora-clang, r-devel-linux-x86_64-fedora-gcc