Last updated on 2025-06-30 15:49:36 CEST.
Flavor | Version | Tinstall | Tcheck | Ttotal | Status | Flags |
---|---|---|---|---|---|---|
r-devel-linux-x86_64-debian-clang | 0.70 | 50.82 | 401.69 | 452.51 | NOTE | |
r-devel-linux-x86_64-debian-gcc | 0.70 | 34.78 | 258.17 | 292.95 | NOTE | |
r-devel-linux-x86_64-fedora-clang | 0.70 | 736.25 | OK | |||
r-devel-linux-x86_64-fedora-gcc | 0.70 | 703.87 | OK | |||
r-devel-windows-x86_64 | 0.70 | 44.00 | 298.00 | 342.00 | NOTE | |
r-patched-linux-x86_64 | NOTE | |||||
r-release-linux-x86_64 | 0.70 | 43.53 | 375.45 | 418.98 | NOTE | |
r-release-macos-arm64 | 0.70 | 149.00 | OK | |||
r-release-macos-x86_64 | 0.70 | 142.00 | OK | |||
r-release-windows-x86_64 | 0.70 | 44.00 | 293.00 | 337.00 | NOTE | |
r-oldrel-macos-arm64 | 0.70 | 64.00 | OK | |||
r-oldrel-macos-x86_64 | 0.70 | 99.00 | OK | |||
r-oldrel-windows-x86_64 | 0.70 | 63.00 | 416.00 | 479.00 | OK |
Version: 0.70
Check: Rd cross-references
Result: NOTE
Found the following Rd file(s) with Rd \link{} targets missing package
anchors:
gl.diagnostics.sim.Rd: gl.filter.callrate
Please provide package anchors for all Rd \link{} targets not in the
package itself and the base packages.
Flavors: r-devel-linux-x86_64-debian-clang, r-devel-linux-x86_64-debian-gcc, r-devel-windows-x86_64, r-patched-linux-x86_64, r-release-linux-x86_64, r-release-windows-x86_64