Last updated on 2024-05-10 13:49:13 CEST.
Flavor | Version | Tinstall | Tcheck | Ttotal | Status | Flags |
---|---|---|---|---|---|---|
r-devel-linux-x86_64-debian-clang | 0.3.0 | 8.86 | 58.82 | 67.68 | OK | |
r-devel-linux-x86_64-debian-gcc | 0.3.0 | 6.57 | 44.68 | 51.25 | OK | |
r-devel-linux-x86_64-fedora-clang | 0.3.0 | 86.14 | NOTE | |||
r-devel-linux-x86_64-fedora-gcc | 0.3.0 | 135.80 | NOTE | |||
r-devel-windows-x86_64 | 0.3.0 | 8.00 | 63.00 | 71.00 | OK | |
r-patched-linux-x86_64 | 0.3.0 | 5.43 | 56.84 | 62.27 | OK | |
r-release-linux-x86_64 | 0.3.0 | 7.39 | 55.06 | 62.45 | OK | |
r-release-macos-arm64 | 0.3.0 | 35.00 | OK | |||
r-release-windows-x86_64 | 0.3.0 | 9.00 | 61.00 | 70.00 | OK | |
r-oldrel-macos-arm64 | 0.3.0 | 37.00 | OK | |||
r-oldrel-macos-x86_64 | 0.3.0 | 56.00 | OK | |||
r-oldrel-windows-x86_64 | 0.3.0 | 12.00 | 67.00 | 79.00 | OK |
Version: 0.3.0
Check: data for non-ASCII characters
Result: NOTE
Note: found 5 marked UTF-8 strings
Flavors: r-devel-linux-x86_64-fedora-clang, r-devel-linux-x86_64-fedora-gcc