Last updated on 2025-02-22 12:50:20 CET.
Flavor | Version | Tinstall | Tcheck | Ttotal | Status | Flags |
---|---|---|---|---|---|---|
r-devel-linux-x86_64-debian-clang | 1.0-38 | 2.46 | 35.22 | 37.68 | NOTE | |
r-devel-linux-x86_64-debian-gcc | 1.0-38 | 1.68 | 28.21 | 29.89 | NOTE | |
r-devel-linux-x86_64-fedora-clang | 1.0-38 | 61.36 | NOTE | |||
r-devel-linux-x86_64-fedora-gcc | 1.0-38 | 56.84 | NOTE | |||
r-devel-macos-arm64 | 1.0-38 | 23.00 | NOTE | |||
r-devel-macos-x86_64 | 1.0-38 | 41.00 | NOTE | |||
r-devel-windows-x86_64 | 1.0-38 | 3.00 | 80.00 | 83.00 | NOTE | |
r-patched-linux-x86_64 | 1.0-38 | 2.89 | 33.78 | 36.67 | NOTE | |
r-release-linux-x86_64 | 1.0-38 | 2.05 | 33.47 | 35.52 | NOTE | |
r-release-macos-arm64 | 1.0-38 | 23.00 | NOTE | |||
r-release-macos-x86_64 | 1.0-38 | 36.00 | NOTE | |||
r-release-windows-x86_64 | 1.0-38 | 4.00 | 71.00 | 75.00 | NOTE | |
r-oldrel-macos-arm64 | 1.0-38 | 23.00 | OK | |||
r-oldrel-macos-x86_64 | 1.0-38 | 35.00 | OK | |||
r-oldrel-windows-x86_64 | 1.0-38 | 4.00 | 73.00 | 77.00 | OK |
Version: 1.0-38
Check: Rd files
Result: NOTE
checkRd: (-1) formatScientificTeX.Rd:33: Lost braces; missing escapes or markup?
33 | function will return " 3.0\\\\times 10^{2}"
| ^
Flavors: r-devel-linux-x86_64-debian-clang, r-devel-linux-x86_64-debian-gcc, r-devel-linux-x86_64-fedora-clang, r-devel-linux-x86_64-fedora-gcc, r-devel-macos-arm64, r-devel-macos-x86_64, r-devel-windows-x86_64, r-patched-linux-x86_64, r-release-linux-x86_64, r-release-macos-arm64, r-release-macos-x86_64, r-release-windows-x86_64