Last updated on 2024-05-11 12:47:57 CEST.
Flavor | Version | Tinstall | Tcheck | Ttotal | Status | Flags |
---|---|---|---|---|---|---|
r-devel-linux-x86_64-debian-clang | 1.0.2 | 14.72 | 226.85 | 241.57 | NOTE | |
r-devel-linux-x86_64-debian-gcc | 1.0.2 | 10.14 | 163.00 | 173.14 | NOTE | |
r-devel-linux-x86_64-fedora-clang | 1.0.2 | 297.02 | NOTE | |||
r-devel-linux-x86_64-fedora-gcc | 1.0.2 | 349.48 | NOTE | |||
r-devel-windows-x86_64 | 1.0.2 | 13.00 | 175.00 | 188.00 | NOTE | |
r-patched-linux-x86_64 | 1.0.2 | 8.55 | 211.92 | 220.47 | NOTE | |
r-release-linux-x86_64 | 1.0.2 | 11.68 | 210.22 | 221.90 | NOTE | |
r-release-macos-arm64 | 1.0.2 | 83.00 | NOTE | |||
r-release-windows-x86_64 | 1.0.2 | 13.00 | 169.00 | 182.00 | NOTE | |
r-oldrel-macos-arm64 | 1.0.2 | 87.00 | NOTE | |||
r-oldrel-macos-x86_64 | 1.0.2 | 154.00 | NOTE | |||
r-oldrel-windows-x86_64 | 1.0.2 | 15.00 | 201.00 | 216.00 | NOTE |
Version: 1.0.2
Check: package subdirectories
Result: NOTE
Problems with news in ‘NEWS.md’:
No news entries found.
Flavors: r-devel-linux-x86_64-debian-clang, r-devel-linux-x86_64-debian-gcc, r-devel-linux-x86_64-fedora-clang, r-devel-linux-x86_64-fedora-gcc, r-devel-windows-x86_64, r-patched-linux-x86_64, r-release-linux-x86_64, r-release-macos-arm64, r-release-windows-x86_64, r-oldrel-macos-arm64, r-oldrel-macos-x86_64, r-oldrel-windows-x86_64