Last updated on 2024-05-12 13:56:46 CEST.
Flavor | Version | Tinstall | Tcheck | Ttotal | Status | Flags |
---|---|---|---|---|---|---|
r-devel-linux-x86_64-debian-clang | 0.1.1 | 1.91 | 20.00 | 21.91 | NOTE | |
r-devel-linux-x86_64-debian-gcc | 0.1.1 | 1.67 | 15.75 | 17.42 | NOTE | |
r-devel-linux-x86_64-fedora-clang | 0.1.1 | 28.41 | NOTE | |||
r-devel-linux-x86_64-fedora-gcc | 0.1.1 | 29.85 | NOTE | |||
r-devel-windows-x86_64 | 0.1.1 | 3.00 | 35.00 | 38.00 | NOTE | |
r-patched-linux-x86_64 | 0.1.1 | 2.09 | 19.51 | 21.60 | NOTE | |
r-release-linux-x86_64 | 0.1.1 | 2.05 | 19.42 | 21.47 | NOTE | |
r-release-macos-arm64 | 0.1.1 | 14.00 | NOTE | |||
r-release-windows-x86_64 | 0.1.1 | 3.00 | 34.00 | 37.00 | NOTE | |
r-oldrel-macos-arm64 | 0.1.1 | 14.00 | NOTE | |||
r-oldrel-macos-x86_64 | 0.1.1 | 18.00 | NOTE | |||
r-oldrel-windows-x86_64 | 0.1.1 | 3.00 | 34.00 | 37.00 | NOTE |
Version: 0.1.1
Check: LazyData
Result: NOTE
'LazyData' is specified without a 'data' directory
Flavors: r-devel-linux-x86_64-debian-clang, r-devel-linux-x86_64-debian-gcc, r-devel-linux-x86_64-fedora-clang, r-devel-linux-x86_64-fedora-gcc, r-devel-windows-x86_64, r-patched-linux-x86_64, r-release-linux-x86_64, r-release-macos-arm64, r-release-windows-x86_64, r-oldrel-macos-arm64, r-oldrel-macos-x86_64, r-oldrel-windows-x86_64