Last updated on 2025-11-24 07:49:57 CET.
| Flavor | Version | Tinstall | Tcheck | Ttotal | Status | Flags |
|---|---|---|---|---|---|---|
| r-devel-linux-x86_64-debian-clang | 1.2.2 | 4.82 | 50.87 | 55.69 | OK | |
| r-devel-linux-x86_64-debian-gcc | 1.2.2 | 3.28 | 35.43 | 38.71 | OK | |
| r-devel-linux-x86_64-fedora-clang | 1.2.2 | 86.13 | NOTE | |||
| r-devel-windows-x86_64 | 1.2.2 | 9.00 | 67.00 | 76.00 | OK | |
| r-patched-linux-x86_64 | 1.2.2 | 5.63 | 47.05 | 52.68 | OK | |
| r-release-linux-x86_64 | 1.2.2 | 4.62 | 46.29 | 50.91 | OK | |
| r-release-macos-arm64 | 1.2.2 | OK | ||||
| r-release-macos-x86_64 | 1.2.2 | 4.00 | 38.00 | 42.00 | OK | |
| r-release-windows-x86_64 | 1.2.2 | 8.00 | 66.00 | 74.00 | OK | |
| r-oldrel-macos-arm64 | 1.2.2 | OK | ||||
| r-oldrel-macos-x86_64 | 1.2.2 | 4.00 | 33.00 | 37.00 | OK | |
| r-oldrel-windows-x86_64 | 1.2.2 | 9.00 | 84.00 | 93.00 | OK |
Version: 1.2.2
Check: dependencies in R code
Result: NOTE
Namespace in Imports field not imported from: ‘Rdpack’
All declared Imports should be used.
Flavor: r-devel-linux-x86_64-fedora-clang