Last updated on 2025-02-22 12:50:19 CET.
Flavor | Version | Tinstall | Tcheck | Ttotal | Status | Flags |
---|---|---|---|---|---|---|
r-devel-linux-x86_64-debian-clang | 0.2.61 | 17.43 | 20.14 | 37.57 | OK | |
r-devel-linux-x86_64-debian-gcc | 0.2.61 | 13.35 | 16.66 | 30.01 | OK | |
r-devel-linux-x86_64-fedora-clang | 0.2.61 | 61.16 | OK | |||
r-devel-linux-x86_64-fedora-gcc | 0.2.61 | 59.23 | OK | |||
r-devel-macos-arm64 | 0.2.61 | 28.00 | OK | |||
r-devel-macos-x86_64 | 0.2.61 | 46.00 | OK | |||
r-devel-windows-x86_64 | 0.2.61 | 17.00 | 51.00 | 68.00 | OK | |
r-patched-linux-x86_64 | 0.2.61 | 17.80 | 19.08 | 36.88 | OK | |
r-release-linux-x86_64 | 0.2.61 | 17.14 | 19.41 | 36.55 | OK | |
r-release-macos-arm64 | 0.2.61 | 27.00 | NOTE | |||
r-release-macos-x86_64 | 0.2.61 | 37.00 | NOTE | |||
r-release-windows-x86_64 | 0.2.61 | 18.00 | 44.00 | 62.00 | NOTE | |
r-oldrel-macos-arm64 | 0.2.61 | 30.00 | NOTE | |||
r-oldrel-macos-x86_64 | 0.2.61 | 40.00 | NOTE | |||
r-oldrel-windows-x86_64 | 0.2.61 | 18.00 | 44.00 | 62.00 | NOTE |
Version: 0.2.61
Check: installed package size
Result: NOTE
installed size is 8.6Mb
sub-directories of 1Mb or more:
data 8.6Mb
Flavors: r-release-macos-arm64, r-release-macos-x86_64, r-release-windows-x86_64, r-oldrel-macos-arm64, r-oldrel-macos-x86_64, r-oldrel-windows-x86_64