Last updated on 2025-02-22 12:50:19 CET.
Flavor | Version | Tinstall | Tcheck | Ttotal | Status | Flags |
---|---|---|---|---|---|---|
r-devel-linux-x86_64-debian-clang | 1.0.3 | 15.99 | 466.04 | 482.03 | OK | |
r-devel-linux-x86_64-debian-gcc | 1.0.3 | 11.84 | 298.30 | 310.14 | OK | |
r-devel-linux-x86_64-fedora-clang | 1.0.3 | 739.45 | OK | |||
r-devel-linux-x86_64-fedora-gcc | 1.0.3 | 677.90 | OK | |||
r-devel-macos-arm64 | 1.0.3 | 172.00 | OK | |||
r-devel-macos-x86_64 | 1.0.3 | 366.00 | OK | |||
r-devel-windows-x86_64 | 1.0.3 | 18.00 | 355.00 | 373.00 | OK | |
r-patched-linux-x86_64 | 1.0.3 | 16.62 | 423.46 | 440.08 | OK | |
r-release-linux-x86_64 | 1.0.3 | 15.28 | 419.46 | 434.74 | OK | |
r-release-macos-arm64 | 1.0.3 | 148.00 | NOTE | |||
r-release-macos-x86_64 | 1.0.3 | 244.00 | NOTE | |||
r-release-windows-x86_64 | 1.0.3 | 18.00 | 363.00 | 381.00 | NOTE | |
r-oldrel-macos-arm64 | 1.0.3 | 128.00 | NOTE | |||
r-oldrel-macos-x86_64 | 1.0.3 | 186.00 | NOTE | |||
r-oldrel-windows-x86_64 | 1.0.3 | 22.00 | 436.00 | 458.00 | NOTE |
Version: 1.0.3
Check: installed package size
Result: NOTE
installed size is 8.1Mb
sub-directories of 1Mb or more:
doc 7.9Mb
Flavors: r-release-macos-arm64, r-release-macos-x86_64, r-release-windows-x86_64, r-oldrel-macos-arm64, r-oldrel-macos-x86_64, r-oldrel-windows-x86_64