Last updated on 2025-11-25 07:49:52 CET.
| Flavor | Version | Tinstall | Tcheck | Ttotal | Status | Flags |
|---|---|---|---|---|---|---|
| r-devel-linux-x86_64-debian-clang | 1.1-2 | 2.34 | 27.65 | 29.99 | NOTE | |
| r-devel-linux-x86_64-debian-gcc | 1.1-2 | 2.03 | 22.10 | 24.13 | NOTE | |
| r-devel-linux-x86_64-fedora-clang | 1.1-2 | 42.28 | OK | |||
| r-devel-linux-x86_64-fedora-gcc | 1.1-2 | 40.39 | OK | |||
| r-devel-windows-x86_64 | 1.1-2 | 4.00 | 45.00 | 49.00 | OK | |
| r-patched-linux-x86_64 | 1.1-2 | 2.85 | 25.53 | 28.38 | OK | |
| r-release-linux-x86_64 | 1.1-2 | 2.22 | 25.55 | 27.77 | OK | |
| r-release-macos-arm64 | 1.1-2 | OK | ||||
| r-release-macos-x86_64 | 1.1-2 | 2.00 | 29.00 | 31.00 | OK | |
| r-release-windows-x86_64 | 1.1-2 | 6.00 | 59.00 | 65.00 | OK | |
| r-oldrel-macos-arm64 | 1.1-2 | OK | ||||
| r-oldrel-macos-x86_64 | 1.1-2 | 3.00 | 23.00 | 26.00 | OK | |
| r-oldrel-windows-x86_64 | 1.1-2 | 4.00 | 52.00 | 56.00 | OK |
Version: 1.1-2
Check: CRAN incoming feasibility
Result: NOTE
Maintainer: ‘Bjoern Bornkamp <bbnkmp@mail.de>’
No Authors@R field in DESCRIPTION.
Please add one, modifying
Authors@R: c(person(given = c("Martin", "Oliver"),
family = "Sailer",
role = "aut"),
person(given = "Bjoern",
family = "Bornkamp",
role = "cre",
email = "bbnkmp@mail.de"))
as necessary.
Flavors: r-devel-linux-x86_64-debian-clang, r-devel-linux-x86_64-debian-gcc