Last updated on 2025-02-21 13:50:44 CET.
Flavor | Version | Tinstall | Tcheck | Ttotal | Status | Flags |
---|---|---|---|---|---|---|
r-devel-linux-x86_64-debian-clang | 0.5.1 | 3.56 | 28.58 | 32.14 | OK | |
r-devel-linux-x86_64-debian-gcc | 0.5.1 | 2.69 | 22.23 | 24.92 | OK | |
r-devel-linux-x86_64-fedora-clang | 0.5.1 | 51.24 | OK | |||
r-devel-linux-x86_64-fedora-gcc | 0.5.1 | 48.71 | OK | |||
r-devel-macos-arm64 | 0.5.1 | 19.00 | OK | |||
r-devel-macos-x86_64 | 0.5.1 | 31.00 | OK | |||
r-devel-windows-x86_64 | 0.5.1 | 6.00 | 51.00 | 57.00 | OK | |
r-patched-linux-x86_64 | 0.5.1 | 3.55 | 27.40 | 30.95 | NOTE | |
r-release-linux-x86_64 | 0.5.1 | 3.50 | 27.18 | 30.68 | NOTE | |
r-release-macos-arm64 | 0.5.1 | 20.00 | NOTE | |||
r-release-macos-x86_64 | 0.5.1 | 28.00 | NOTE | |||
r-release-windows-x86_64 | 0.5.1 | 7.00 | 48.00 | 55.00 | NOTE | |
r-oldrel-macos-arm64 | 0.5.1 | 21.00 | NOTE | |||
r-oldrel-macos-x86_64 | 0.5.1 | 30.00 | NOTE | |||
r-oldrel-windows-x86_64 | 0.5.1 | 7.00 | 52.00 | 59.00 | NOTE |
Version: 0.5.1
Check: LazyData
Result: NOTE
'LazyData' is specified without a 'data' directory
Flavors: r-patched-linux-x86_64, r-release-linux-x86_64, r-release-macos-arm64, r-release-macos-x86_64, r-release-windows-x86_64, r-oldrel-macos-arm64, r-oldrel-macos-x86_64, r-oldrel-windows-x86_64