Last updated on 2024-05-09 12:49:08 CEST.
Flavor | Version | Tinstall | Tcheck | Ttotal | Status | Flags |
---|---|---|---|---|---|---|
r-devel-linux-x86_64-debian-clang | 0.4.0 | 80.83 | 451.78 | 532.61 | OK | |
r-devel-linux-x86_64-debian-gcc | 0.4.0 | 60.88 | 332.87 | 393.75 | OK | |
r-devel-linux-x86_64-fedora-clang | 0.4.0 | 690.49 | OK | |||
r-devel-linux-x86_64-fedora-gcc | 0.4.0 | 805.05 | OK | |||
r-devel-windows-x86_64 | 0.4.0 | 66.00 | 347.00 | 413.00 | OK | |
r-patched-linux-x86_64 | 0.4.0 | 65.22 | 436.91 | 502.13 | OK | |
r-release-linux-x86_64 | 0.4.0 | 60.39 | 436.11 | 496.50 | OK | |
r-release-macos-arm64 | 0.4.0 | 242.00 | NOTE | |||
r-release-macos-x86_64 | 0.4.0 | 596.00 | NOTE | |||
r-release-windows-x86_64 | 0.4.0 | 65.00 | 348.00 | 413.00 | OK | |
r-oldrel-macos-arm64 | 0.4.0 | 182.00 | NOTE | |||
r-oldrel-macos-x86_64 | 0.4.0 | 354.00 | NOTE | |||
r-oldrel-windows-x86_64 | 0.4.0 | 79.00 | 432.00 | 511.00 | OK |
Version: 0.4.0
Check: installed package size
Result: NOTE
installed size is 5.3Mb
sub-directories of 1Mb or more:
doc 1.6Mb
libs 2.9Mb
Flavors: r-release-macos-arm64, r-release-macos-x86_64, r-oldrel-macos-arm64, r-oldrel-macos-x86_64