CRAN Package Check Results for Package covatest

Last updated on 2025-06-30 15:49:36 CEST.

Flavor Version Tinstall Tcheck Ttotal Status Flags
r-devel-linux-x86_64-debian-clang 1.2.4 16.99 85.00 101.99 OK
r-devel-linux-x86_64-debian-gcc 1.2.4 11.48 60.74 72.22 OK
r-devel-linux-x86_64-fedora-clang 1.2.4 157.34 NOTE
r-devel-linux-x86_64-fedora-gcc 1.2.4 148.04 NOTE
r-devel-windows-x86_64 1.2.4 16.00 100.00 116.00 OK
r-patched-linux-x86_64 OK
r-release-linux-x86_64 1.2.4 16.46 80.22 96.68 OK
r-release-macos-arm64 1.2.4 42.00 OK
r-release-macos-x86_64 1.2.4 137.00 OK
r-release-windows-x86_64 1.2.4 19.00 99.00 118.00 OK
r-oldrel-macos-arm64 1.2.4 47.00 OK
r-oldrel-macos-x86_64 1.2.4 91.00 OK
r-oldrel-windows-x86_64 1.2.4 24.00 116.00 140.00 OK

Check Details

Version: 1.2.4
Check: dependencies in R code
Result: NOTE Namespace in Imports field not imported from: ‘gstat’ All declared Imports should be used. Flavors: r-devel-linux-x86_64-fedora-clang, r-devel-linux-x86_64-fedora-gcc