Last updated on 2025-11-24 07:49:57 CET.
| Flavor | Version | Tinstall | Tcheck | Ttotal | Status | Flags |
|---|---|---|---|---|---|---|
| r-devel-linux-x86_64-debian-clang | 1.0.2 | 34.84 | 395.11 | 429.95 | NOTE | |
| r-devel-linux-x86_64-debian-gcc | 1.0.2 | 20.62 | 366.07 | 386.69 | NOTE | |
| r-devel-linux-x86_64-fedora-clang | 1.0.2 | 90.00 | 554.60 | 644.60 | OK | |
| r-devel-windows-x86_64 | 1.0.2 | 48.00 | 451.00 | 499.00 | OK | |
| r-patched-linux-x86_64 | 1.0.2 | 34.64 | 384.83 | 419.47 | OK | |
| r-release-linux-x86_64 | 1.0.2 | 32.04 | 383.26 | 415.30 | OK | |
| r-release-macos-arm64 | 1.0.2 | OK | ||||
| r-release-macos-x86_64 | 1.0.2 | 34.00 | 358.00 | 392.00 | OK | |
| r-release-windows-x86_64 | 1.0.2 | 40.00 | 509.00 | 549.00 | OK | |
| r-oldrel-macos-arm64 | 1.0.2 | OK | ||||
| r-oldrel-macos-x86_64 | 1.0.2 | 20.00 | 238.00 | 258.00 | OK | |
| r-oldrel-windows-x86_64 | 1.0.2 | 51.00 | 602.00 | 653.00 | OK |
Version: 1.0.2
Check: CRAN incoming feasibility
Result: NOTE
Maintainer: ‘Brian King <brianking387@gmail.com>’
The Description field contains
King and Kowal (2022) <arXiv:2110.14790>, and Kowal and Wu (2023)
<arXiv:2110.12316>.
Please refer to arXiv e-prints via their arXiv DOI <doi:10.48550/arXiv.YYMM.NNNNN>.
Flavors: r-devel-linux-x86_64-debian-clang, r-devel-linux-x86_64-debian-gcc