CRAN Package Check Results for Package cotrend

Last updated on 2025-11-16 07:49:30 CET.

Flavor Version Tinstall Tcheck Ttotal Status Flags
r-devel-linux-x86_64-debian-clang 1.0.2 2.19 22.59 24.78 NOTE
r-devel-linux-x86_64-debian-gcc 1.0.2 1.67 19.15 20.82 NOTE
r-devel-linux-x86_64-fedora-clang 1.0.2 36.61 OK
r-devel-linux-x86_64-fedora-gcc 1.0.2 34.21 OK
r-devel-windows-x86_64 1.0.2 3.00 41.00 44.00 OK
r-patched-linux-x86_64 1.0.2 1.92 21.72 23.64 OK
r-release-linux-x86_64 1.0.2 1.79 21.87 23.66 OK
r-release-macos-arm64 1.0.2 1.00 19.00 20.00 OK
r-release-macos-x86_64 1.0.2 2.00 23.00 25.00 OK
r-release-windows-x86_64 1.0.2 4.00 40.00 44.00 OK
r-oldrel-macos-arm64 1.0.2 1.00 16.00 17.00 OK
r-oldrel-macos-x86_64 1.0.2 2.00 20.00 22.00 OK
r-oldrel-windows-x86_64 1.0.2 4.00 45.00 49.00 OK

Check Details

Version: 1.0.2
Check: CRAN incoming feasibility
Result: NOTE Maintainer: ‘A. Christian Silva <a.christian.silva@gmail.com>’ No Authors@R field in DESCRIPTION. Please add one, modifying Authors@R: person(given = c("A.", "Christian"), family = "Silva", role = c("aut", "cre"), email = "a.christian.silva@gmail.com") as necessary. Flavors: r-devel-linux-x86_64-debian-clang, r-devel-linux-x86_64-debian-gcc