Last updated on 2025-02-22 12:50:18 CET.
Flavor | Version | Tinstall | Tcheck | Ttotal | Status | Flags |
---|---|---|---|---|---|---|
r-devel-linux-x86_64-debian-clang | 0.1.10 | 21.82 | 184.49 | 206.31 | OK | |
r-devel-linux-x86_64-debian-gcc | 0.1.10 | 14.82 | 129.17 | 143.99 | OK | |
r-devel-linux-x86_64-fedora-clang | 0.1.10 | 332.19 | OK | |||
r-devel-linux-x86_64-fedora-gcc | 0.1.10 | 306.36 | OK | |||
r-devel-macos-arm64 | 0.1.10 | 4.00 | ERROR | |||
r-devel-macos-x86_64 | 0.1.10 | 5.00 | ERROR | |||
r-devel-windows-x86_64 | 0.1.10 | 21.00 | 159.00 | 180.00 | OK | |
r-patched-linux-x86_64 | 0.1.10 | 19.99 | 171.86 | 191.85 | OK | |
r-release-linux-x86_64 | 0.1.10 | 19.04 | 169.52 | 188.56 | OK | |
r-release-macos-arm64 | 0.1.10 | 10.00 | ERROR | |||
r-release-macos-x86_64 | 0.1.10 | 208.00 | OK | |||
r-release-windows-x86_64 | 0.1.10 | 23.00 | 157.00 | 180.00 | OK | |
r-oldrel-macos-arm64 | 0.1.8 | 88.00 | OK | |||
r-oldrel-macos-x86_64 | 0.1.10 | 12.00 | ERROR | |||
r-oldrel-windows-x86_64 | 0.1.10 | 30.00 | 214.00 | 244.00 | OK |
Version: 0.1.10
Check: package dependencies
Result: ERROR
Packages required but not available: 'org.Hs.eg.db', 'org.Mm.eg.db'
See section ‘The DESCRIPTION file’ in the ‘Writing R Extensions’
manual.
Flavor: r-devel-macos-arm64
Version: 0.1.10
Check: package dependencies
Result: ERROR
Package required but not available: ‘org.Mm.eg.db’
See section ‘The DESCRIPTION file’ in the ‘Writing R Extensions’
manual.
Flavors: r-devel-macos-x86_64, r-release-macos-arm64, r-oldrel-macos-x86_64