CRAN Package Check Results for Package conditionz

Last updated on 2025-11-24 07:49:57 CET.

Flavor Version Tinstall Tcheck Ttotal Status Flags
r-devel-linux-x86_64-debian-clang 0.1.0 2.07 21.69 23.76 NOTE
r-devel-linux-x86_64-debian-gcc 0.1.0 1.77 18.15 19.92 NOTE
r-devel-linux-x86_64-fedora-clang 0.1.0 32.80 OK
r-devel-windows-x86_64 0.1.0 5.00 39.00 44.00 OK
r-patched-linux-x86_64 0.1.0 2.49 19.17 21.66 OK
r-release-linux-x86_64 0.1.0 2.42 19.21 21.63 OK
r-release-macos-arm64 0.1.0 OK
r-release-macos-x86_64 0.1.0 2.00 23.00 25.00 OK
r-release-windows-x86_64 0.1.0 4.00 40.00 44.00 OK
r-oldrel-macos-arm64 0.1.0 OK
r-oldrel-macos-x86_64 0.1.0 2.00 26.00 28.00 OK
r-oldrel-windows-x86_64 0.1.0 4.00 44.00 48.00 OK

Check Details

Version: 0.1.0
Check: CRAN incoming feasibility
Result: NOTE Maintainer: ‘Scott Chamberlain <myrmecocystus@gmail.com>’ Found the following (possibly) invalid file URI: URI: CODE_OF_CONDUCT.md From: README.md Flavors: r-devel-linux-x86_64-debian-clang, r-devel-linux-x86_64-debian-gcc