Last updated on 2024-05-12 13:56:45 CEST.
Flavor | Version | Tinstall | Tcheck | Ttotal | Status | Flags |
---|---|---|---|---|---|---|
r-devel-linux-x86_64-debian-clang | 1.0.0 | 23.79 | 39.04 | 62.83 | NOTE | |
r-devel-linux-x86_64-debian-gcc | 1.0.0 | 19.36 | 31.10 | 50.46 | NOTE | |
r-devel-linux-x86_64-fedora-clang | 1.0.0 | 88.26 | NOTE | |||
r-devel-linux-x86_64-fedora-gcc | 1.0.0 | 139.69 | NOTE | |||
r-devel-windows-x86_64 | 1.0.0 | 23.00 | 68.00 | 91.00 | NOTE | |
r-patched-linux-x86_64 | 1.0.0 | 25.42 | 38.85 | 64.27 | NOTE | |
r-release-linux-x86_64 | 1.0.0 | 24.89 | 38.97 | 63.86 | NOTE | |
r-release-macos-arm64 | 1.0.0 | 25.00 | NOTE | |||
r-release-windows-x86_64 | 1.0.0 | 23.00 | 64.00 | 87.00 | NOTE | |
r-oldrel-macos-arm64 | 1.0.0 | 30.00 | NOTE | |||
r-oldrel-macos-x86_64 | 1.0.0 | 41.00 | NOTE | |||
r-oldrel-windows-x86_64 | 1.0.0 | 29.00 | 77.00 | 106.00 | NOTE |
Version: 1.0.0
Check: C++ specification
Result: NOTE
Specified C++11: please drop specification unless essential
Flavors: r-devel-linux-x86_64-debian-clang, r-devel-linux-x86_64-debian-gcc, r-devel-linux-x86_64-fedora-clang, r-devel-linux-x86_64-fedora-gcc, r-devel-windows-x86_64, r-patched-linux-x86_64, r-release-linux-x86_64, r-release-macos-arm64, r-release-windows-x86_64, r-oldrel-macos-arm64, r-oldrel-macos-x86_64, r-oldrel-windows-x86_64