Last updated on 2025-06-30 15:49:35 CEST.
Flavor | Version | Tinstall | Tcheck | Ttotal | Status | Flags |
---|---|---|---|---|---|---|
r-devel-linux-x86_64-debian-clang | 2.0-8 | 21.86 | 214.49 | 236.35 | NOTE | |
r-devel-linux-x86_64-debian-gcc | 2.0-8 | 14.89 | 140.50 | 155.39 | NOTE | |
r-devel-linux-x86_64-fedora-clang | 2.0-8 | 402.04 | OK | |||
r-devel-linux-x86_64-fedora-gcc | 2.0-8 | 347.47 | OK | |||
r-devel-windows-x86_64 | 2.0-8 | 25.00 | 285.00 | 310.00 | NOTE | |
r-patched-linux-x86_64 | NOTE | |||||
r-release-linux-x86_64 | 2.0-8 | 20.18 | 201.54 | 221.72 | NOTE | |
r-release-macos-arm64 | 2.0-8 | 118.00 | OK | |||
r-release-macos-x86_64 | 2.0-8 | 221.00 | OK | |||
r-release-windows-x86_64 | 2.0-8 | 31.00 | 273.00 | 304.00 | NOTE | |
r-oldrel-macos-arm64 | 2.0-8 | 91.00 | OK | |||
r-oldrel-macos-x86_64 | 2.0-8 | 175.00 | OK | |||
r-oldrel-windows-x86_64 | 2.0-8 | 36.00 | 329.00 | 365.00 | OK |
Version: 2.0-8
Check: CRAN incoming feasibility
Result: NOTE
Maintainer: ‘K. Gerald van den Boogaart <support@boogaart.de>’
No Authors@R field in DESCRIPTION.
Please add one, modifying
Authors@R: c(person(given = c("K.", "Gerald"),
family = "van den Boogaart",
role = c("aut", "cre"),
email = "boogaart@hzdr.de"),
person(given = "Raimon",
family = "Tolosana-Delgado",
role = "aut"),
person(given = "Matevz",
family = "Bren",
role = "aut"))
as necessary.
Flavors: r-devel-linux-x86_64-debian-clang, r-devel-linux-x86_64-debian-gcc
Version: 2.0-8
Check: Rd cross-references
Result: NOTE
Found the following Rd file(s) with Rd \link{} targets missing package
anchors:
codadendrogram.Rd: histogram
pairwisePlot.Rd: lmrob
pwlrPlot.Rd: lmrob
Please provide package anchors for all Rd \link{} targets not in the
package itself and the base packages.
Flavors: r-devel-linux-x86_64-debian-clang, r-devel-linux-x86_64-debian-gcc, r-devel-windows-x86_64, r-patched-linux-x86_64, r-release-linux-x86_64, r-release-windows-x86_64