Last updated on 2024-05-12 13:56:45 CEST.
Flavor | Version | Tinstall | Tcheck | Ttotal | Status | Flags |
---|---|---|---|---|---|---|
r-devel-linux-x86_64-debian-clang | 0.1.2 | 4.66 | 63.35 | 68.01 | OK | |
r-devel-linux-x86_64-debian-gcc | 0.1.2 | 3.95 | 47.27 | 51.22 | OK | |
r-devel-linux-x86_64-fedora-clang | 0.1.2 | 85.58 | NOTE | |||
r-devel-linux-x86_64-fedora-gcc | 0.1.2 | 139.87 | NOTE | |||
r-devel-windows-x86_64 | 0.1.2 | 6.00 | 70.00 | 76.00 | OK | |
r-patched-linux-x86_64 | 0.1.2 | 9.77 | 60.21 | 69.98 | OK | |
r-release-linux-x86_64 | 0.1.2 | 5.14 | 59.98 | 65.12 | OK | |
r-release-macos-arm64 | 0.1.2 | 34.00 | OK | |||
r-release-windows-x86_64 | 0.1.2 | 8.00 | 69.00 | 77.00 | OK | |
r-oldrel-macos-arm64 | 0.1.2 | 35.00 | OK | |||
r-oldrel-macos-x86_64 | 0.1.2 | 52.00 | OK | |||
r-oldrel-windows-x86_64 | 0.1.2 | 8.00 | 76.00 | 84.00 | OK |
Version: 0.1.2
Check: dependencies in R code
Result: NOTE
Namespaces in Imports field not imported from:
‘grid’ ‘gridExtra’
All declared Imports should be used.
Flavors: r-devel-linux-x86_64-fedora-clang, r-devel-linux-x86_64-fedora-gcc