Last updated on 2025-02-22 12:50:16 CET.
Flavor | Version | Tinstall | Tcheck | Ttotal | Status | Flags |
---|---|---|---|---|---|---|
r-devel-linux-x86_64-debian-clang | 1.2.8 | 6.29 | 80.37 | 86.66 | NOTE | |
r-devel-linux-x86_64-debian-gcc | 1.2.8 | 4.41 | 54.55 | 58.96 | NOTE | |
r-devel-linux-x86_64-fedora-clang | 1.2.8 | 133.59 | OK | |||
r-devel-linux-x86_64-fedora-gcc | 1.2.8 | 143.82 | OK | |||
r-devel-macos-arm64 | 1.2.8 | 43.00 | OK | |||
r-devel-macos-x86_64 | 1.2.8 | 88.00 | OK | |||
r-devel-windows-x86_64 | 1.2.8 | 8.00 | 115.00 | 123.00 | NOTE | |
r-patched-linux-x86_64 | 1.2.8 | 11.97 | 74.44 | 86.41 | OK | |
r-release-linux-x86_64 | 1.2.8 | 5.71 | 73.62 | 79.33 | OK | |
r-release-macos-arm64 | 1.2.8 | 42.00 | OK | |||
r-release-macos-x86_64 | 1.2.8 | 63.00 | OK | |||
r-release-windows-x86_64 | 1.2.8 | 10.00 | 102.00 | 112.00 | OK | |
r-oldrel-macos-arm64 | 1.2.8 | 41.00 | OK | |||
r-oldrel-macos-x86_64 | 1.2.8 | 77.00 | OK | |||
r-oldrel-windows-x86_64 | 1.2.8 | 11.00 | 115.00 | 126.00 | OK |
Version: 1.2.8
Check: Rd cross-references
Result: NOTE
Found the following Rd file(s) with Rd \link{} targets missing package
anchors:
coefplot.Rd: ggplot
Please provide package anchors for all Rd \link{} targets not in the
package itself and the base packages.
Flavors: r-devel-linux-x86_64-debian-clang, r-devel-linux-x86_64-debian-gcc, r-devel-windows-x86_64