Last updated on 2025-10-14 09:51:28 CEST.
Flavor | Version | Tinstall | Tcheck | Ttotal | Status | Flags |
---|---|---|---|---|---|---|
r-devel-linux-x86_64-debian-clang | 0.1.8 | 4.69 | 57.80 | 62.49 | NOTE | |
r-devel-linux-x86_64-debian-gcc | 0.1.8 | 2.83 | 40.31 | 43.14 | NOTE | |
r-devel-linux-x86_64-fedora-clang | 0.1.8 | 69.00 | NOTE | |||
r-devel-linux-x86_64-fedora-gcc | 0.1.8 | 86.90 | NOTE | |||
r-devel-windows-x86_64 | 0.1.8 | 7.00 | 70.00 | 77.00 | ERROR | |
r-patched-linux-x86_64 | 0.1.8 | 5.14 | 51.60 | 56.74 | NOTE | |
r-release-linux-x86_64 | 0.1.8 | 4.58 | 51.05 | 55.63 | NOTE | |
r-release-macos-arm64 | 0.1.8 | 30.00 | NOTE | |||
r-release-macos-x86_64 | 0.1.8 | 56.00 | NOTE | |||
r-release-windows-x86_64 | 0.1.8 | 8.00 | 71.00 | 79.00 | NOTE | |
r-oldrel-macos-arm64 | 0.1.8 | 31.00 | OK | |||
r-oldrel-macos-x86_64 | 0.1.8 | 43.00 | OK | |||
r-oldrel-windows-x86_64 | 0.1.8 | 8.00 | 86.00 | 94.00 | OK |
Version: 0.1.8
Check: DESCRIPTION meta-information
Result: NOTE
Missing dependency on R >= 4.1.0 because package code uses the pipe
|> or function shorthand \(...) syntax added in R 4.1.0.
File(s) using such syntax:
‘cb_summary_stats_numeric.R’
Flavors: r-devel-linux-x86_64-debian-clang, r-devel-linux-x86_64-debian-gcc, r-devel-linux-x86_64-fedora-clang, r-devel-linux-x86_64-fedora-gcc, r-devel-windows-x86_64, r-patched-linux-x86_64, r-release-linux-x86_64, r-release-macos-arm64, r-release-macos-x86_64, r-release-windows-x86_64
Version: 0.1.8
Check: tests
Result: ERROR
Running 'testthat.R' [15s]
Running the tests in 'tests/testthat.R' failed.
Complete output:
> library(testthat)
> library(codebookr)
>
> test_check("codebookr")
[ FAIL 1 | WARN 0 | SKIP 0 | PASS 103 ]
══ Failed tests ════════════════════════════════════════════════════════════════
── Failure ('test-cb_add_summary_stats.R:355:3'): The num_to_cat argument is working as expected ──
class(...) not equal to c("summary_many_cats", "tbl_df", "tbl", "data.frame").
1/4 mismatches
x[1]: "summary_few_cats"
y[1]: "summary_many_cats"
[ FAIL 1 | WARN 0 | SKIP 0 | PASS 103 ]
Error: Test failures
Execution halted
Flavor: r-devel-windows-x86_64