Last updated on 2025-11-04 07:49:49 CET.
| Flavor | Version | Tinstall | Tcheck | Ttotal | Status | Flags | 
|---|---|---|---|---|---|---|
| r-devel-linux-x86_64-debian-clang | 0.10.0 | 9.76 | 240.81 | 250.57 | NOTE | |
| r-devel-linux-x86_64-debian-gcc | 0.10.0 | 5.92 | 157.15 | 163.07 | NOTE | |
| r-devel-linux-x86_64-fedora-clang | 0.10.0 | 20.00 | 373.64 | 393.64 | NOTE | |
| r-devel-linux-x86_64-fedora-gcc | 0.10.0 | 40.00 | 380.12 | 420.12 | NOTE | |
| r-devel-windows-x86_64 | 0.10.0 | 10.00 | 195.00 | 205.00 | NOTE | |
| r-patched-linux-x86_64 | 0.10.0 | 9.62 | 225.34 | 234.96 | NOTE | |
| r-release-linux-x86_64 | 0.10.0 | 9.35 | 225.49 | 234.84 | NOTE | |
| r-release-macos-arm64 | 0.10.0 | 3.00 | 81.00 | 84.00 | NOTE | |
| r-release-macos-x86_64 | 0.10.0 | 7.00 | 159.00 | 166.00 | NOTE | |
| r-release-windows-x86_64 | 0.10.0 | 10.00 | 192.00 | 202.00 | NOTE | |
| r-oldrel-macos-arm64 | 0.10.0 | 4.00 | 87.00 | 91.00 | OK | |
| r-oldrel-macos-x86_64 | 0.10.0 | 6.00 | 159.00 | 165.00 | OK | |
| r-oldrel-windows-x86_64 | 0.10.0 | 16.00 | 249.00 | 265.00 | OK | 
Version: 0.10.0
Check: DESCRIPTION meta-information
Result: NOTE
    Missing dependency on R >= 4.1.0 because package code uses the pipe
    |> or function shorthand \(...) syntax added in R 4.1.0.
    File(s) using such syntax:
      ‘basis.R’
Flavors: r-devel-linux-x86_64-debian-clang, r-devel-linux-x86_64-debian-gcc, r-devel-linux-x86_64-fedora-clang, r-devel-linux-x86_64-fedora-gcc, r-devel-windows-x86_64, r-patched-linux-x86_64, r-release-linux-x86_64, r-release-macos-arm64, r-release-macos-x86_64, r-release-windows-x86_64