Last updated on 2024-05-09 12:49:07 CEST.
Flavor | Version | Tinstall | Tcheck | Ttotal | Status | Flags |
---|---|---|---|---|---|---|
r-devel-linux-x86_64-debian-clang | 1.0 | 6.28 | 65.67 | 71.95 | OK | |
r-devel-linux-x86_64-debian-gcc | 1.0 | 5.98 | 49.13 | 55.11 | OK | |
r-devel-linux-x86_64-fedora-clang | 1.0 | 95.66 | NOTE | |||
r-devel-linux-x86_64-fedora-gcc | 1.0 | 133.78 | NOTE | |||
r-devel-windows-x86_64 | 1.0 | 8.00 | 66.00 | 74.00 | OK | |
r-patched-linux-x86_64 | 1.0 | 5.02 | 62.32 | 67.34 | OK | |
r-release-linux-x86_64 | 1.0 | 4.88 | 61.38 | 66.26 | OK | |
r-release-macos-arm64 | 1.0 | 29.00 | OK | |||
r-release-windows-x86_64 | 1.0 | 8.00 | 67.00 | 75.00 | OK | |
r-oldrel-macos-arm64 | 1.0 | 30.00 | OK | |||
r-oldrel-macos-x86_64 | 1.0 | 45.00 | OK | |||
r-oldrel-windows-x86_64 | 1.0 | 10.00 | 74.00 | 84.00 | OK |
Version: 1.0
Check: dependencies in R code
Result: NOTE
Namespace in Imports field not imported from: ‘stringi’
All declared Imports should be used.
Flavors: r-devel-linux-x86_64-fedora-clang, r-devel-linux-x86_64-fedora-gcc
Version: 1.0
Check: data for non-ASCII characters
Result: NOTE
Note: found 5626 marked UTF-8 strings
Flavors: r-devel-linux-x86_64-fedora-clang, r-devel-linux-x86_64-fedora-gcc